{"id":2039,"date":"2018-12-10T16:04:57","date_gmt":"2018-12-10T16:04:57","guid":{"rendered":"https:\/\/www.centrocongressosalgarve.com\/fenix\/"},"modified":"2019-03-20T10:31:26","modified_gmt":"2019-03-20T10:31:26","slug":"fenix","status":"publish","type":"page","link":"https:\/\/www.centrocongressosalgarve.com\/de\/o-centro\/salas-de-reuniao\/fenix\/","title":{"rendered":"F\u00e9nix-Sitzungsraum"},"content":{"rendered":"\n<p>Der F\u00e9nix-Raum zeichnet sich durch seine moderne Architektur aus und verf\u00fcgt \u00fcber 10 m hohe Decken und 180-Grad-Glasw\u00e4nde mit Blick auf das Meer und den Yachthafen. Dieser Raum kann in 6 R\u00e4ume mit einer individuellen Kapazit\u00e4t von bis zu 272 Sitzpl\u00e4tzen unterteilt werden. <\/p>\n\n\n<div class=\"gallery-outer post-gallery align\">\n<div class=\"gallery-views\">\n<div class=\"view active\" data-view=\"gallery\">\n<svg width=\"22\" height=\"22\" viewBox=\"0 0 22 22\"><path d=\"M0,22 L22,22 L22,0 L0,0 L0,22 Z M1.28377196,1.28377196 L20.716228,1.28377196 L20.716228,14.1060862 L16.4669429,10.1212581 L13.6208204,12.0045516 L9.66551905,7.87722472 L1.28377196,13.3114314 L1.28377196,1.28377196 Z M1.28377196,14.8416876 L9.47295326,9.53200677 L12.5321818,12.7247476 L1.28377196,20.1642061 L1.28377196,14.8416876 Z M16.3295793,11.7516485 L20.716228,15.8661376 L20.716228,20.716228 L2.77551497,20.716228 L16.3295793,11.7516485 Z\" stroke=\"none\" stroke-width=\"1\" fill-rule=\"evenodd\"\/><\/svg><\/div>\n<div class=\"view\" data-view=\"thumbnails\">\n<svg width=\"22\" height=\"22\" viewBox=\"0 0 22 22\"><path d=\"M34,22 L56,22 L56,0 L34,0 L34,22 Z M35.2850557,20.716228 L54.716228,20.716228 L54.716228,1.28377196 L35.2850557,1.28377196 L35.2850557,20.716228 Z M46.2856976,9.71430239 L50.1370135,9.71430239 L50.1370135,5.86298652 L46.2856976,5.86298652 L46.2856976,9.71430239 Z M39.8565677,9.71430239 L43.7078835,9.71430239 L43.7078835,5.86298652 L39.8565677,5.86298652 L39.8565677,9.71430239 Z M46.2972516,16.1357297 L50.1485674,16.1357297 L50.1485674,12.2844138 L46.2972516,12.2844138 L46.2972516,16.1357297 Z M39.8642703,16.1357297 L43.7168699,16.1357297 L43.7168699,12.2844138 L39.8642703,12.2844138 L39.8642703,16.1357297 Z\" transform=\"translate(-34)\" stroke=\"none\" stroke-width=\"1\" fill-rule=\"evenodd\"\/><\/svg><\/div>\n<\/div>\n<div class=\"thumbnails hidden\">\n<div class=\"thumbnails-container\">\n<div class=\"gallery-thumbnail-out\">\n<div class=\"gallery-thumbnail\" style=\"background-image: url(https:\/\/www.centrocongressosalgarve.com\/files\/uploads\/2019\/02\/algarve_centrocongressos_meetingroom_oceanview.jpg);\" data-slideNum=\"0\"><\/div>\n<\/div>\n<div class=\"gallery-thumbnail-out\">\n<div class=\"gallery-thumbnail\" style=\"background-image: url(https:\/\/www.centrocongressosalgarve.com\/files\/uploads\/2019\/02\/algarve_centrocongressos_meetingroom_school-2.jpg);\" data-slideNum=\"1\"><\/div>\n<\/div>\n<div class=\"gallery-thumbnail-out\">\n<div class=\"gallery-thumbnail\" style=\"background-image: url(https:\/\/www.centrocongressosalgarve.com\/files\/uploads\/2019\/02\/algarve_centrocongressos_meetingroom_school2.jpg);\" data-slideNum=\"2\"><\/div>\n<\/div>\n<div class=\"gallery-thumbnail-out\">\n<div class=\"gallery-thumbnail\" style=\"background-image: url(https:\/\/www.centrocongressosalgarve.com\/files\/uploads\/2019\/02\/algarve_centrocongressos_meetingroom_school.jpg);\" data-slideNum=\"3\"><\/div>\n<\/div>\n<div class=\"gallery-thumbnail-out\">\n<div class=\"gallery-thumbnail\" style=\"background-image: url(https:\/\/www.centrocongressosalgarve.com\/files\/uploads\/2019\/02\/algarve_centrocongressos_meetingroom_theatre-1024x481.jpg);\" data-slideNum=\"4\"><\/div>\n<\/div>\n<div class=\"gallery-thumbnail-out\">\n<div class=\"gallery-thumbnail\" style=\"background-image: url(https:\/\/www.centrocongressosalgarve.com\/files\/uploads\/2019\/02\/algarve_centrocongressos_meetingroom_theatre_oceanview.jpg);\" data-slideNum=\"5\"><\/div>\n<\/div>\n<div class=\"gallery-thumbnail-out\">\n<div class=\"gallery-thumbnail\" style=\"background-image: url(https:\/\/www.centrocongressosalgarve.com\/files\/uploads\/2019\/02\/algarve_vilamoura_centrocongressos_meetingroom_harbourview.jpg);\" data-slideNum=\"6\"><\/div>\n<\/div>\n<div class=\"gallery-thumbnail-out\">\n<div class=\"gallery-thumbnail\" style=\"background-image: url(https:\/\/www.centrocongressosalgarve.com\/files\/uploads\/2019\/02\/algarve_vilamoura_centrocongressos_meetingroom_oceanview.jpg);\" data-slideNum=\"7\"><\/div>\n<\/div>\n<div class=\"gallery-thumbnail-out\">\n<div class=\"gallery-thumbnail\" style=\"background-image: url(https:\/\/www.centrocongressosalgarve.com\/files\/uploads\/2019\/02\/algarve_centrocongressos_meetingroom_cabaret-2.jpg);\" data-slideNum=\"8\"><\/div>\n<\/div>\n<div class=\"gallery-thumbnail-out\">\n<div class=\"gallery-thumbnail\" style=\"background-image: url(https:\/\/www.centrocongressosalgarve.com\/files\/uploads\/2019\/02\/algarve_centrocongressos_meetingroom_cabaret.jpg);\" data-slideNum=\"9\"><\/div>\n<\/div>\n<\/div>\n<\/div>\n<div class=\"gallery hidden\">\n<div class=\"slide\">\n<div class=\"slide-inner\">\n<div class=\"gallery-img\" style=\"background-image: url(https:\/\/www.centrocongressosalgarve.com\/files\/uploads\/2019\/02\/algarve_centrocongressos_meetingroom_oceanview.jpg);\">\n<img decoding=\"async\" src=\"https:\/\/www.centrocongressosalgarve.com\/files\/uploads\/2019\/02\/algarve_centrocongressos_meetingroom_oceanview.jpg\" alt=\"Meeting room in the Algarve Congress Center with panoramic views over the ocean and Vilamoura Marina in the sunset\">\n<\/div>\n<div class=\"description-out\">\n<div class=\"description\"> &#8211; <\/div>\n<\/div>\n<\/div>\n<\/div>\n<div class=\"slide\">\n<div class=\"slide-inner\">\n<div class=\"gallery-img\" style=\"background-image: url(https:\/\/www.centrocongressosalgarve.com\/files\/uploads\/2019\/02\/algarve_centrocongressos_meetingroom_school-2.jpg);\">\n<img decoding=\"async\" src=\"https:\/\/www.centrocongressosalgarve.com\/files\/uploads\/2019\/02\/algarve_centrocongressos_meetingroom_school-2.jpg\" alt=\"Meeting room in the Algarve Congress Center with panoramic views over the ocean and Vilamoura Marina\">\n<\/div>\n<div class=\"description-out\">\n<div class=\"description\"> &#8211; <\/div>\n<\/div>\n<\/div>\n<\/div>\n<div class=\"slide\">\n<div class=\"slide-inner\">\n<div class=\"gallery-img\" style=\"background-image: url(https:\/\/www.centrocongressosalgarve.com\/files\/uploads\/2019\/02\/algarve_centrocongressos_meetingroom_school2.jpg);\">\n<img decoding=\"async\" src=\"https:\/\/www.centrocongressosalgarve.com\/files\/uploads\/2019\/02\/algarve_centrocongressos_meetingroom_school2.jpg\" alt=\"Meeting room in the Algarve Congress Center with panoramic views over the ocean and Vilamoura Marina\">\n<\/div>\n<div class=\"description-out\">\n<div class=\"description\"> &#8211; <\/div>\n<\/div>\n<\/div>\n<\/div>\n<div class=\"slide\">\n<div class=\"slide-inner\">\n<div class=\"gallery-img\" style=\"background-image: url(https:\/\/www.centrocongressosalgarve.com\/files\/uploads\/2019\/02\/algarve_centrocongressos_meetingroom_school.jpg);\">\n<img decoding=\"async\" src=\"https:\/\/www.centrocongressosalgarve.com\/files\/uploads\/2019\/02\/algarve_centrocongressos_meetingroom_school.jpg\" alt=\"Meeting room in the Algarve Congress Center with panoramic views over the ocean and Vilamoura Marina\">\n<\/div>\n<div class=\"description-out\">\n<div class=\"description\"> &#8211; <\/div>\n<\/div>\n<\/div>\n<\/div>\n<div class=\"slide\">\n<div class=\"slide-inner\">\n<div class=\"gallery-img\" style=\"background-image: url(https:\/\/www.centrocongressosalgarve.com\/files\/uploads\/2019\/02\/algarve_centrocongressos_meetingroom_theatre.jpg);\">\n<img decoding=\"async\" src=\"https:\/\/www.centrocongressosalgarve.com\/files\/uploads\/2019\/02\/algarve_centrocongressos_meetingroom_theatre.jpg\" alt=\"Meeting room in the Algarve Congress Centre prepared for a big conference\">\n<\/div>\n<div class=\"description-out\">\n<div class=\"description\"> &#8211; <\/div>\n<\/div>\n<\/div>\n<\/div>\n<div class=\"slide\">\n<div class=\"slide-inner\">\n<div class=\"gallery-img\" style=\"background-image: url(https:\/\/www.centrocongressosalgarve.com\/files\/uploads\/2019\/02\/algarve_centrocongressos_meetingroom_theatre_oceanview.jpg);\">\n<img decoding=\"async\" src=\"https:\/\/www.centrocongressosalgarve.com\/files\/uploads\/2019\/02\/algarve_centrocongressos_meetingroom_theatre_oceanview.jpg\" alt=\"Meeting room in the Algarve Congress Center with panoramic views over the ocean and Vilamoura Marina\">\n<\/div>\n<div class=\"description-out\">\n<div class=\"description\"> &#8211; <\/div>\n<\/div>\n<\/div>\n<\/div>\n<div class=\"slide\">\n<div class=\"slide-inner\">\n<div class=\"gallery-img\" style=\"background-image: url(https:\/\/www.centrocongressosalgarve.com\/files\/uploads\/2019\/02\/algarve_vilamoura_centrocongressos_meetingroom_harbourview.jpg);\">\n<img decoding=\"async\" src=\"https:\/\/www.centrocongressosalgarve.com\/files\/uploads\/2019\/02\/algarve_vilamoura_centrocongressos_meetingroom_harbourview.jpg\" alt=\"Meeting room in the Algarve Congress Center with panoramic views over the ocean and Vilamoura Marina\">\n<\/div>\n<div class=\"description-out\">\n<div class=\"description\"> &#8211; <\/div>\n<\/div>\n<\/div>\n<\/div>\n<div class=\"slide\">\n<div class=\"slide-inner\">\n<div class=\"gallery-img\" style=\"background-image: url(https:\/\/www.centrocongressosalgarve.com\/files\/uploads\/2019\/02\/algarve_vilamoura_centrocongressos_meetingroom_oceanview.jpg);\">\n<img decoding=\"async\" src=\"https:\/\/www.centrocongressosalgarve.com\/files\/uploads\/2019\/02\/algarve_vilamoura_centrocongressos_meetingroom_oceanview.jpg\" alt=\"Meeting room in the Algarve Congress Center with panoramic views over the ocean and Vilamoura Marina\">\n<\/div>\n<div class=\"description-out\">\n<div class=\"description\"> &#8211; <\/div>\n<\/div>\n<\/div>\n<\/div>\n<div class=\"slide\">\n<div class=\"slide-inner\">\n<div class=\"gallery-img\" style=\"background-image: url(https:\/\/www.centrocongressosalgarve.com\/files\/uploads\/2019\/02\/algarve_centrocongressos_meetingroom_cabaret-2.jpg);\">\n<img decoding=\"async\" src=\"https:\/\/www.centrocongressosalgarve.com\/files\/uploads\/2019\/02\/algarve_centrocongressos_meetingroom_cabaret-2.jpg\" alt=\"Meeting room in Algarve Congress Center with\">\n<\/div>\n<div class=\"description-out\">\n<div class=\"description\"> &#8211; <\/div>\n<\/div>\n<\/div>\n<\/div>\n<div class=\"slide\">\n<div class=\"slide-inner\">\n<div class=\"gallery-img\" style=\"background-image: url(https:\/\/www.centrocongressosalgarve.com\/files\/uploads\/2019\/02\/algarve_centrocongressos_meetingroom_cabaret.jpg);\">\n<img decoding=\"async\" src=\"https:\/\/www.centrocongressosalgarve.com\/files\/uploads\/2019\/02\/algarve_centrocongressos_meetingroom_cabaret.jpg\" alt=\"Meeting room, Algarve Congress Center\">\n<\/div>\n<div class=\"description-out\">\n<div class=\"description\"> &#8211; <\/div>\n<\/div>\n<\/div>\n<\/div>\n<\/div>\n<\/div>\n","protected":false},"excerpt":{"rendered":"<p>Der F\u00e9nix-Raum zeichnet sich durch seine moderne Architektur aus und verf\u00fcgt \u00fcber 10 m hohe Decken und 180-Grad-Glasw\u00e4nde mit Blick auf das Meer und den Yachthafen. Dieser Raum kann in 6 R\u00e4ume mit einer individuellen Kapazit\u00e4t von bis zu 272 Sitzpl\u00e4tzen unterteilt werden.<\/p>\n","protected":false},"author":2,"featured_media":0,"parent":2054,"menu_order":1,"comment_status":"closed","ping_status":"closed","template":"templates\/meeting-rooms-fenix.php","meta":{"_acf_changed":false,"om_disable_all_campaigns":false,"inline_featured_image":false,"footnotes":""},"class_list":["post-2039","page","type-page","status-publish","hentry","page-entry"],"acf":[],"aioseo_notices":[],"_links":{"self":[{"href":"https:\/\/www.centrocongressosalgarve.com\/de\/wp-json\/wp\/v2\/pages\/2039","targetHints":{"allow":["GET"]}}],"collection":[{"href":"https:\/\/www.centrocongressosalgarve.com\/de\/wp-json\/wp\/v2\/pages"}],"about":[{"href":"https:\/\/www.centrocongressosalgarve.com\/de\/wp-json\/wp\/v2\/types\/page"}],"author":[{"embeddable":true,"href":"https:\/\/www.centrocongressosalgarve.com\/de\/wp-json\/wp\/v2\/users\/2"}],"replies":[{"embeddable":true,"href":"https:\/\/www.centrocongressosalgarve.com\/de\/wp-json\/wp\/v2\/comments?post=2039"}],"version-history":[{"count":3,"href":"https:\/\/www.centrocongressosalgarve.com\/de\/wp-json\/wp\/v2\/pages\/2039\/revisions"}],"predecessor-version":[{"id":2501,"href":"https:\/\/www.centrocongressosalgarve.com\/de\/wp-json\/wp\/v2\/pages\/2039\/revisions\/2501"}],"up":[{"embeddable":true,"href":"https:\/\/www.centrocongressosalgarve.com\/de\/wp-json\/wp\/v2\/pages\/2054"}],"wp:attachment":[{"href":"https:\/\/www.centrocongressosalgarve.com\/de\/wp-json\/wp\/v2\/media?parent=2039"}],"curies":[{"name":"wp","href":"https:\/\/api.w.org\/{rel}","templated":true}]}}

Fénix-Sitzungsraum

<p>Der Fénix-Raum zeichnet sich durch seine moderne Architektur aus und verfügt über 10 m hohe Decken und 180-Grad-Glaswände mit Blick auf das Meer und den Yachthafen. Dieser Raum kann in 6 Räume mit einer individuellen Kapazität von bis zu 272 Sitzplätzen unterteilt werden. </p>


<div class="gallery-outer post-gallery align">
<div class="gallery-views">
<div class="view active" data-view="gallery">
<svg width="22" height="22" viewBox="0 0 22 22"><path d="M0,22 L22,22 L22,0 L0,0 L0,22 Z M1.28377196,1.28377196 L20.716228,1.28377196 L20.716228,14.1060862 L16.4669429,10.1212581 L13.6208204,12.0045516 L9.66551905,7.87722472 L1.28377196,13.3114314 L1.28377196,1.28377196 Z M1.28377196,14.8416876 L9.47295326,9.53200677 L12.5321818,12.7247476 L1.28377196,20.1642061 L1.28377196,14.8416876 Z M16.3295793,11.7516485 L20.716228,15.8661376 L20.716228,20.716228 L2.77551497,20.716228 L16.3295793,11.7516485 Z" stroke="none" stroke-width="1" fill-rule="evenodd"/></svg></div>
<div class="view" data-view="thumbnails">
<svg width="22" height="22" viewBox="0 0 22 22"><path d="M34,22 L56,22 L56,0 L34,0 L34,22 Z M35.2850557,20.716228 L54.716228,20.716228 L54.716228,1.28377196 L35.2850557,1.28377196 L35.2850557,20.716228 Z M46.2856976,9.71430239 L50.1370135,9.71430239 L50.1370135,5.86298652 L46.2856976,5.86298652 L46.2856976,9.71430239 Z M39.8565677,9.71430239 L43.7078835,9.71430239 L43.7078835,5.86298652 L39.8565677,5.86298652 L39.8565677,9.71430239 Z M46.2972516,16.1357297 L50.1485674,16.1357297 L50.1485674,12.2844138 L46.2972516,12.2844138 L46.2972516,16.1357297 Z M39.8642703,16.1357297 L43.7168699,16.1357297 L43.7168699,12.2844138 L39.8642703,12.2844138 L39.8642703,16.1357297 Z" transform="translate(-34)" stroke="none" stroke-width="1" fill-rule="evenodd"/></svg></div>
</div>
<div class="thumbnails hidden">
<div class="thumbnails-container">
<div class="gallery-thumbnail-out">
<div class="gallery-thumbnail" style="background-image: url(https://www.centrocongressosalgarve.com/files/uploads/2019/02/algarve_centrocongressos_meetingroom_oceanview.jpg);" data-slideNum="0"></div>
</div>
<div class="gallery-thumbnail-out">
<div class="gallery-thumbnail" style="background-image: url(https://www.centrocongressosalgarve.com/files/uploads/2019/02/algarve_centrocongressos_meetingroom_school-2.jpg);" data-slideNum="1"></div>
</div>
<div class="gallery-thumbnail-out">
<div class="gallery-thumbnail" style="background-image: url(https://www.centrocongressosalgarve.com/files/uploads/2019/02/algarve_centrocongressos_meetingroom_school2.jpg);" data-slideNum="2"></div>
</div>
<div class="gallery-thumbnail-out">
<div class="gallery-thumbnail" style="background-image: url(https://www.centrocongressosalgarve.com/files/uploads/2019/02/algarve_centrocongressos_meetingroom_school.jpg);" data-slideNum="3"></div>
</div>
<div class="gallery-thumbnail-out">
<div class="gallery-thumbnail" style="background-image: url(https://www.centrocongressosalgarve.com/files/uploads/2019/02/algarve_centrocongressos_meetingroom_theatre-1024x481.jpg);" data-slideNum="4"></div>
</div>
<div class="gallery-thumbnail-out">
<div class="gallery-thumbnail" style="background-image: url(https://www.centrocongressosalgarve.com/files/uploads/2019/02/algarve_centrocongressos_meetingroom_theatre_oceanview.jpg);" data-slideNum="5"></div>
</div>
<div class="gallery-thumbnail-out">
<div class="gallery-thumbnail" style="background-image: url(https://www.centrocongressosalgarve.com/files/uploads/2019/02/algarve_vilamoura_centrocongressos_meetingroom_harbourview.jpg);" data-slideNum="6"></div>
</div>
<div class="gallery-thumbnail-out">
<div class="gallery-thumbnail" style="background-image: url(https://www.centrocongressosalgarve.com/files/uploads/2019/02/algarve_vilamoura_centrocongressos_meetingroom_oceanview.jpg);" data-slideNum="7"></div>
</div>
<div class="gallery-thumbnail-out">
<div class="gallery-thumbnail" style="background-image: url(https://www.centrocongressosalgarve.com/files/uploads/2019/02/algarve_centrocongressos_meetingroom_cabaret-2.jpg);" data-slideNum="8"></div>
</div>
<div class="gallery-thumbnail-out">
<div class="gallery-thumbnail" style="background-image: url(https://www.centrocongressosalgarve.com/files/uploads/2019/02/algarve_centrocongressos_meetingroom_cabaret.jpg);" data-slideNum="9"></div>
</div>
</div>
</div>
<div class="gallery hidden">
<div class="slide">
<div class="slide-inner">
<div class="gallery-img" style="background-image: url(https://www.centrocongressosalgarve.com/files/uploads/2019/02/algarve_centrocongressos_meetingroom_oceanview.jpg);">
<img decoding="async" src="https://www.centrocongressosalgarve.com/files/uploads/2019/02/algarve_centrocongressos_meetingroom_oceanview.jpg" alt="Meeting room in the Algarve Congress Center with panoramic views over the ocean and Vilamoura Marina in the sunset">
</div>
<div class="description-out">
<div class="description"> &#8211; </div>
</div>
</div>
</div>
<div class="slide">
<div class="slide-inner">
<div class="gallery-img" style="background-image: url(https://www.centrocongressosalgarve.com/files/uploads/2019/02/algarve_centrocongressos_meetingroom_school-2.jpg);">
<img decoding="async" src="https://www.centrocongressosalgarve.com/files/uploads/2019/02/algarve_centrocongressos_meetingroom_school-2.jpg" alt="Meeting room in the Algarve Congress Center with panoramic views over the ocean and Vilamoura Marina">
</div>
<div class="description-out">
<div class="description"> &#8211; </div>
</div>
</div>
</div>
<div class="slide">
<div class="slide-inner">
<div class="gallery-img" style="background-image: url(https://www.centrocongressosalgarve.com/files/uploads/2019/02/algarve_centrocongressos_meetingroom_school2.jpg);">
<img decoding="async" src="https://www.centrocongressosalgarve.com/files/uploads/2019/02/algarve_centrocongressos_meetingroom_school2.jpg" alt="Meeting room in the Algarve Congress Center with panoramic views over the ocean and Vilamoura Marina">
</div>
<div class="description-out">
<div class="description"> &#8211; </div>
</div>
</div>
</div>
<div class="slide">
<div class="slide-inner">
<div class="gallery-img" style="background-image: url(https://www.centrocongressosalgarve.com/files/uploads/2019/02/algarve_centrocongressos_meetingroom_school.jpg);">
<img decoding="async" src="https://www.centrocongressosalgarve.com/files/uploads/2019/02/algarve_centrocongressos_meetingroom_school.jpg" alt="Meeting room in the Algarve Congress Center with panoramic views over the ocean and Vilamoura Marina">
</div>
<div class="description-out">
<div class="description"> &#8211; </div>
</div>
</div>
</div>
<div class="slide">
<div class="slide-inner">
<div class="gallery-img" style="background-image: url(https://www.centrocongressosalgarve.com/files/uploads/2019/02/algarve_centrocongressos_meetingroom_theatre.jpg);">
<img decoding="async" src="https://www.centrocongressosalgarve.com/files/uploads/2019/02/algarve_centrocongressos_meetingroom_theatre.jpg" alt="Meeting room in the Algarve Congress Centre prepared for a big conference">
</div>
<div class="description-out">
<div class="description"> &#8211; </div>
</div>
</div>
</div>
<div class="slide">
<div class="slide-inner">
<div class="gallery-img" style="background-image: url(https://www.centrocongressosalgarve.com/files/uploads/2019/02/algarve_centrocongressos_meetingroom_theatre_oceanview.jpg);">
<img decoding="async" src="https://www.centrocongressosalgarve.com/files/uploads/2019/02/algarve_centrocongressos_meetingroom_theatre_oceanview.jpg" alt="Meeting room in the Algarve Congress Center with panoramic views over the ocean and Vilamoura Marina">
</div>
<div class="description-out">
<div class="description"> &#8211; </div>
</div>
</div>
</div>
<div class="slide">
<div class="slide-inner">
<div class="gallery-img" style="background-image: url(https://www.centrocongressosalgarve.com/files/uploads/2019/02/algarve_vilamoura_centrocongressos_meetingroom_harbourview.jpg);">
<img decoding="async" src="https://www.centrocongressosalgarve.com/files/uploads/2019/02/algarve_vilamoura_centrocongressos_meetingroom_harbourview.jpg" alt="Meeting room in the Algarve Congress Center with panoramic views over the ocean and Vilamoura Marina">
</div>
<div class="description-out">
<div class="description"> &#8211; </div>
</div>
</div>
</div>
<div class="slide">
<div class="slide-inner">
<div class="gallery-img" style="background-image: url(https://www.centrocongressosalgarve.com/files/uploads/2019/02/algarve_vilamoura_centrocongressos_meetingroom_oceanview.jpg);">
<img decoding="async" src="https://www.centrocongressosalgarve.com/files/uploads/2019/02/algarve_vilamoura_centrocongressos_meetingroom_oceanview.jpg" alt="Meeting room in the Algarve Congress Center with panoramic views over the ocean and Vilamoura Marina">
</div>
<div class="description-out">
<div class="description"> &#8211; </div>
</div>
</div>
</div>
<div class="slide">
<div class="slide-inner">
<div class="gallery-img" style="background-image: url(https://www.centrocongressosalgarve.com/files/uploads/2019/02/algarve_centrocongressos_meetingroom_cabaret-2.jpg);">
<img decoding="async" src="https://www.centrocongressosalgarve.com/files/uploads/2019/02/algarve_centrocongressos_meetingroom_cabaret-2.jpg" alt="Meeting room in Algarve Congress Center with">
</div>
<div class="description-out">
<div class="description"> &#8211; </div>
</div>
</div>
</div>
<div class="slide">
<div class="slide-inner">
<div class="gallery-img" style="background-image: url(https://www.centrocongressosalgarve.com/files/uploads/2019/02/algarve_centrocongressos_meetingroom_cabaret.jpg);">
<img decoding="async" src="https://www.centrocongressosalgarve.com/files/uploads/2019/02/algarve_centrocongressos_meetingroom_cabaret.jpg" alt="Meeting room, Algarve Congress Center">
</div>
<div class="description-out">
<div class="description"> &#8211; </div>
</div>
</div>
</div>
</div>
</div>

<p>Der Fénix-Raum zeichnet sich durch seine moderne Architektur aus und verfügt über 10 m hohe Decken und 180-Grad-Glaswände mit Blick auf das Meer und den Yachthafen. Dieser Raum kann in 6 Räume mit einer individuellen Kapazität von bis zu 272 Sitzplätzen unterteilt werden.</p>
