{"id":2054,"date":"2018-12-10T15:50:29","date_gmt":"2018-12-10T15:50:29","guid":{"rendered":"https:\/\/www.centrocongressosalgarve.com\/salas-de-reuniao\/"},"modified":"2022-05-18T16:57:53","modified_gmt":"2022-05-18T16:57:53","slug":"salas-de-reuniao","status":"publish","type":"page","link":"https:\/\/www.centrocongressosalgarve.com\/de\/o-centro\/salas-de-reuniao\/","title":{"rendered":"Sitzungsr\u00e4ume"},"content":{"rendered":"\n<p>Um Ihnen zu helfen, Ihre Veranstaltung zu planen, k\u00f6nnen Sie hier mehr \u00fcber die Spezifikationen der Tagungsr\u00e4ume Fenix, P\u00e9gaso und Neptuno im Kongresszentrum der Algarve erfahren.<\/p>\n\n\n\n<div style=\"height:100px\" aria-hidden=\"true\" class=\"wp-block-spacer\"><\/div>\n\n\n\n<div class=\"wp-block-columns is-layout-flex wp-container-core-columns-is-layout-9d6595d7 wp-block-columns-is-layout-flex\">\n<div class=\"wp-block-column is-layout-flow wp-block-column-is-layout-flow\">\n<h2 class=\"wp-block-heading\">F\u00c9NIX-SITZUNGSRAUM<\/h2>\n\n\n\n<p>Der F\u00e9nix-Raum zeichnet sich durch seine moderne Architektur aus und verf\u00fcgt \u00fcber 10 m hohe Decken und 180-Grad-Glasw\u00e4nde mit Blick auf das Meer und den Yachthafen. <\/p>\n\n\n\n<div class=\"wp-block-buttons is-layout-flex wp-block-buttons-is-layout-flex\">\n<div class=\"wp-block-button\"><a class=\"wp-block-button__link\" href=\"https:\/\/centrocongressosalgarve.com\/de\/o-centro\/salas-de-reuniao\/fenix\/\">WEITERE INFORMATIONEN<\/a><\/div>\n<\/div>\n<\/div>\n\n\n\n<div class=\"wp-block-column is-layout-flow wp-block-column-is-layout-flow\">\n<figure class=\"wp-block-image size-full\"><img loading=\"lazy\" decoding=\"async\" width=\"900\" height=\"600\" src=\"https:\/\/centrocongressosalgarve.com\/files\/uploads\/2019\/02\/algarve_centrocongressos_meetingroom_cabaret-2.jpg\" alt=\"\" class=\"wp-image-1903\" srcset=\"https:\/\/www.centrocongressosalgarve.com\/files\/uploads\/2019\/02\/algarve_centrocongressos_meetingroom_cabaret-2.jpg 900w, https:\/\/www.centrocongressosalgarve.com\/files\/uploads\/2019\/02\/algarve_centrocongressos_meetingroom_cabaret-2-300x200.jpg 300w, https:\/\/www.centrocongressosalgarve.com\/files\/uploads\/2019\/02\/algarve_centrocongressos_meetingroom_cabaret-2-768x512.jpg 768w\" sizes=\"auto, (max-width: 900px) 100vw, 900px\" \/><\/figure>\n<\/div>\n<\/div>\n\n\n\n<div style=\"height:100px\" aria-hidden=\"true\" class=\"wp-block-spacer\"><\/div>\n\n\n\n<div class=\"wp-block-columns is-layout-flex wp-container-core-columns-is-layout-9d6595d7 wp-block-columns-is-layout-flex\">\n<div class=\"wp-block-column is-layout-flow wp-block-column-is-layout-flow\">\n<h2 class=\"wp-block-heading\">TAGUNGSR\u00c4UME P\u00c9GASO UND NEPTUNO<\/h2>\n\n\n\n<p>Mit einer Fl\u00e4che von 420 m<sup>2<\/sup>\u00a0und einer Deckenh\u00f6he von 4 Metern kann der Raum in 8 verschiedene R\u00e4ume mit Kapazit\u00e4ten f\u00fcr bis zu 430 Sitzpl\u00e4tzen in Theater-Form oder 210 Pl\u00e4tzen in Schulform mit herrlichen Blick unterteilt werden.<\/p>\n\n\n\n<div class=\"wp-block-buttons is-layout-flex wp-block-buttons-is-layout-flex\">\n<div class=\"wp-block-button\"><a class=\"wp-block-button__link\" href=\"https:\/\/centrocongressosalgarve.com\/de\/o-centro\/salas-de-reuniao\/pegaso-neptuno\/\">WEITERE INFORMATIONEN<\/a><\/div>\n<\/div>\n<\/div>\n\n\n\n<div class=\"wp-block-column is-layout-flow wp-block-column-is-layout-flow\">\n<figure class=\"wp-block-image size-full\"><img loading=\"lazy\" decoding=\"async\" width=\"900\" height=\"600\" src=\"https:\/\/centrocongressosalgarve.com\/files\/uploads\/2019\/02\/algarve_centrocongressos_meetingroom_school_harbourview.jpg\" alt=\"\" class=\"wp-image-1783\" srcset=\"https:\/\/www.centrocongressosalgarve.com\/files\/uploads\/2019\/02\/algarve_centrocongressos_meetingroom_school_harbourview.jpg 900w, https:\/\/www.centrocongressosalgarve.com\/files\/uploads\/2019\/02\/algarve_centrocongressos_meetingroom_school_harbourview-300x200.jpg 300w, https:\/\/www.centrocongressosalgarve.com\/files\/uploads\/2019\/02\/algarve_centrocongressos_meetingroom_school_harbourview-768x512.jpg 768w\" sizes=\"auto, (max-width: 900px) 100vw, 900px\" \/><\/figure>\n<\/div>\n<\/div>\n\n\n\n<div style=\"height:100px\" aria-hidden=\"true\" class=\"wp-block-spacer\"><\/div>\n\n\n\n<h2 class=\"wp-block-heading\">R\u00c4UME VERGLEICHEN<\/h2>\n\n\n\n<p>Lernen Sie die Kapazit\u00e4t jedes unserer R\u00e4ume in verschiedenen m\u00f6glichen Konfigurationen ausf\u00fchrlich kennen.<\/p>\n\n\n\n<p>Vergleichen und w\u00e4hlen Sie die am besten geeigneten Bereiche f\u00fcr jeden Moment Ihrer Veranstaltung.<\/p>\n\n\n\n<div class=\"wp-block-buttons is-layout-flex wp-block-buttons-is-layout-flex\">\n<div class=\"wp-block-button\"><a class=\"wp-block-button__link\" href=\"https:\/\/centrocongressosalgarve.com\/de\/o-centro\/salas-de-reuniao\/comparar-salas\/\">WEITERE INFORMATIONEN<\/a><\/div>\n<\/div>\n","protected":false},"excerpt":{"rendered":"<p>Um Ihnen zu helfen, Ihre Veranstaltung zu planen, k\u00f6nnen Sie hier mehr \u00fcber die Spezifikationen der Tagungsr\u00e4ume Fenix, P\u00e9gaso und Neptuno im Kongresszentrum der Algarve erfahren. F\u00c9NIX-SITZUNGSRAUM Der F\u00e9nix-Raum zeichnet sich durch seine moderne Architektur aus und verf\u00fcgt \u00fcber 10 m hohe Decken und 180-Grad-Glasw\u00e4nde mit Blick auf das Meer und den Yachthafen. TAGUNGSR\u00c4UME P\u00c9GASO [&hellip;]<\/p>\n","protected":false},"author":2,"featured_media":0,"parent":2119,"menu_order":1,"comment_status":"closed","ping_status":"closed","template":"","meta":{"_acf_changed":false,"om_disable_all_campaigns":false,"inline_featured_image":false,"footnotes":""},"class_list":["post-2054","page","type-page","status-publish","hentry","page-entry"],"acf":[],"aioseo_notices":[],"_links":{"self":[{"href":"https:\/\/www.centrocongressosalgarve.com\/de\/wp-json\/wp\/v2\/pages\/2054","targetHints":{"allow":["GET"]}}],"collection":[{"href":"https:\/\/www.centrocongressosalgarve.com\/de\/wp-json\/wp\/v2\/pages"}],"about":[{"href":"https:\/\/www.centrocongressosalgarve.com\/de\/wp-json\/wp\/v2\/types\/page"}],"author":[{"embeddable":true,"href":"https:\/\/www.centrocongressosalgarve.com\/de\/wp-json\/wp\/v2\/users\/2"}],"replies":[{"embeddable":true,"href":"https:\/\/www.centrocongressosalgarve.com\/de\/wp-json\/wp\/v2\/comments?post=2054"}],"version-history":[{"count":3,"href":"https:\/\/www.centrocongressosalgarve.com\/de\/wp-json\/wp\/v2\/pages\/2054\/revisions"}],"predecessor-version":[{"id":3185,"href":"https:\/\/www.centrocongressosalgarve.com\/de\/wp-json\/wp\/v2\/pages\/2054\/revisions\/3185"}],"up":[{"embeddable":true,"href":"https:\/\/www.centrocongressosalgarve.com\/de\/wp-json\/wp\/v2\/pages\/2119"}],"wp:attachment":[{"href":"https:\/\/www.centrocongressosalgarve.com\/de\/wp-json\/wp\/v2\/media?parent=2054"}],"curies":[{"name":"wp","href":"https:\/\/api.w.org\/{rel}","templated":true}]}}

Sitzungsräume

<p>Um Ihnen zu helfen, Ihre Veranstaltung zu planen, können Sie hier mehr über die Spezifikationen der Tagungsräume Fenix, Pégaso und Neptuno im Kongresszentrum der Algarve erfahren.</p>



<div style="height:100px" aria-hidden="true" class="wp-block-spacer"></div>



<div class="wp-block-columns is-layout-flex wp-container-core-columns-is-layout-9d6595d7 wp-block-columns-is-layout-flex">
<div class="wp-block-column is-layout-flow wp-block-column-is-layout-flow">
<h2 class="wp-block-heading">FÉNIX-SITZUNGSRAUM</h2>



<p>Der Fénix-Raum zeichnet sich durch seine moderne Architektur aus und verfügt über 10 m hohe Decken und 180-Grad-Glaswände mit Blick auf das Meer und den Yachthafen. </p>



<div class="wp-block-buttons is-layout-flex wp-block-buttons-is-layout-flex">
<div class="wp-block-button"><a class="wp-block-button__link" href="https://centrocongressosalgarve.com/de/o-centro/salas-de-reuniao/fenix/">WEITERE INFORMATIONEN</a></div>
</div>
</div>



<div class="wp-block-column is-layout-flow wp-block-column-is-layout-flow">
<figure class="wp-block-image size-full"><img loading="lazy" decoding="async" width="900" height="600" src="https://centrocongressosalgarve.com/files/uploads/2019/02/algarve_centrocongressos_meetingroom_cabaret-2.jpg" alt="" class="wp-image-1903" srcset="https://www.centrocongressosalgarve.com/files/uploads/2019/02/algarve_centrocongressos_meetingroom_cabaret-2.jpg 900w, https://www.centrocongressosalgarve.com/files/uploads/2019/02/algarve_centrocongressos_meetingroom_cabaret-2-300x200.jpg 300w, https://www.centrocongressosalgarve.com/files/uploads/2019/02/algarve_centrocongressos_meetingroom_cabaret-2-768x512.jpg 768w" sizes="auto, (max-width: 900px) 100vw, 900px" /></figure>
</div>
</div>



<div style="height:100px" aria-hidden="true" class="wp-block-spacer"></div>



<div class="wp-block-columns is-layout-flex wp-container-core-columns-is-layout-9d6595d7 wp-block-columns-is-layout-flex">
<div class="wp-block-column is-layout-flow wp-block-column-is-layout-flow">
<h2 class="wp-block-heading">TAGUNGSRÄUME PÉGASO UND NEPTUNO</h2>



<p>Mit einer Fläche von 420 m<sup>2</sup> und einer Deckenhöhe von 4 Metern kann der Raum in 8 verschiedene Räume mit Kapazitäten für bis zu 430 Sitzplätzen in Theater-Form oder 210 Plätzen in Schulform mit herrlichen Blick unterteilt werden.</p>



<div class="wp-block-buttons is-layout-flex wp-block-buttons-is-layout-flex">
<div class="wp-block-button"><a class="wp-block-button__link" href="https://centrocongressosalgarve.com/de/o-centro/salas-de-reuniao/pegaso-neptuno/">WEITERE INFORMATIONEN</a></div>
</div>
</div>



<div class="wp-block-column is-layout-flow wp-block-column-is-layout-flow">
<figure class="wp-block-image size-full"><img loading="lazy" decoding="async" width="900" height="600" src="https://centrocongressosalgarve.com/files/uploads/2019/02/algarve_centrocongressos_meetingroom_school_harbourview.jpg" alt="" class="wp-image-1783" srcset="https://www.centrocongressosalgarve.com/files/uploads/2019/02/algarve_centrocongressos_meetingroom_school_harbourview.jpg 900w, https://www.centrocongressosalgarve.com/files/uploads/2019/02/algarve_centrocongressos_meetingroom_school_harbourview-300x200.jpg 300w, https://www.centrocongressosalgarve.com/files/uploads/2019/02/algarve_centrocongressos_meetingroom_school_harbourview-768x512.jpg 768w" sizes="auto, (max-width: 900px) 100vw, 900px" /></figure>
</div>
</div>



<div style="height:100px" aria-hidden="true" class="wp-block-spacer"></div>



<h2 class="wp-block-heading">RÄUME VERGLEICHEN</h2>



<p>Lernen Sie die Kapazität jedes unserer Räume in verschiedenen möglichen Konfigurationen ausführlich kennen.</p>



<p>Vergleichen und wählen Sie die am besten geeigneten Bereiche für jeden Moment Ihrer Veranstaltung.</p>



<div class="wp-block-buttons is-layout-flex wp-block-buttons-is-layout-flex">
<div class="wp-block-button"><a class="wp-block-button__link" href="https://centrocongressosalgarve.com/de/o-centro/salas-de-reuniao/comparar-salas/">WEITERE INFORMATIONEN</a></div>
</div>

<p>Um Ihnen zu helfen, Ihre Veranstaltung zu planen, können Sie hier mehr über die Spezifikationen der Tagungsräume Fenix, Pégaso und Neptuno im Kongresszentrum der Algarve erfahren. FÉNIX-SITZUNGSRAUM Der Fénix-Raum zeichnet sich durch seine moderne Architektur aus und verfügt über 10 m hohe Decken und 180-Grad-Glaswände mit Blick auf das Meer und den Yachthafen. TAGUNGSRÄUME PÉGASO [&hellip;]</p>
