{"id":2087,"date":"2018-12-10T15:27:35","date_gmt":"2018-12-10T15:27:35","guid":{"rendered":"https:\/\/www.centrocongressosalgarve.com\/eventos-desportivos\/"},"modified":"2019-03-20T10:25:04","modified_gmt":"2019-03-20T10:25:04","slug":"eventos-desportivos","status":"publish","type":"page","link":"https:\/\/www.centrocongressosalgarve.com\/de\/eventos-sociais\/eventos-desportivos\/","title":{"rendered":"Sportveranstaltungen"},"content":{"rendered":"\n<p>Die perfekte Kombination aus Innen- und Au\u00dfenbereichen und den ger\u00e4umigen R\u00e4umen des Kongresszentrum erm\u00f6glicht die Durchf\u00fchrung von Sportveranstaltungen verschiedener Art, insbesondere von Veranstaltungen im Innenbereich. Die in allen R\u00e4umen zur Verf\u00fcgung stehenden technischen Beschallungs-, Licht- und Sicherheitsbedingungen gew\u00e4hrleisten die f\u00fcr erfolgreiche Sportereignisse erforderliche Qualit\u00e4t.<\/p>\n\n\n\n<p>Der F\u00e9nix-Raum und die Dachterrasse sind gro\u00df genug, um Tennispl\u00e4tze oder Hallenfu\u00dfball in den offiziellen Abmessungen und entsprechende Trib\u00fcnen unterzubringen, w\u00e4hrend die Pegasus- und Neptun-R\u00e4ume die M\u00f6glichkeit bieten, Veranstaltungen mit gleichzeitig kleineren R\u00e4umen unterzubringen. <\/p>\n","protected":false},"excerpt":{"rendered":"<p>Die perfekte Kombination aus Innen- und Au\u00dfenbereichen und den ger\u00e4umigen R\u00e4umen des Kongresszentrum erm\u00f6glicht die Durchf\u00fchrung von Sportveranstaltungen verschiedener Art, insbesondere von Veranstaltungen im Innenbereich. Die in allen R\u00e4umen zur Verf\u00fcgung stehenden technischen Beschallungs-, Licht- und Sicherheitsbedingungen gew\u00e4hrleisten die f\u00fcr erfolgreiche Sportereignisse erforderliche Qualit\u00e4t. Der F\u00e9nix-Raum und die Dachterrasse sind gro\u00df genug, um Tennispl\u00e4tze oder [&hellip;]<\/p>\n","protected":false},"author":2,"featured_media":1711,"parent":2101,"menu_order":0,"comment_status":"closed","ping_status":"closed","template":"templates\/social-events-child.php","meta":{"_acf_changed":false,"om_disable_all_campaigns":false,"inline_featured_image":false,"footnotes":""},"class_list":["post-2087","page","type-page","status-publish","has-post-thumbnail","hentry","page-entry"],"acf":[],"aioseo_notices":[],"_links":{"self":[{"href":"https:\/\/www.centrocongressosalgarve.com\/de\/wp-json\/wp\/v2\/pages\/2087","targetHints":{"allow":["GET"]}}],"collection":[{"href":"https:\/\/www.centrocongressosalgarve.com\/de\/wp-json\/wp\/v2\/pages"}],"about":[{"href":"https:\/\/www.centrocongressosalgarve.com\/de\/wp-json\/wp\/v2\/types\/page"}],"author":[{"embeddable":true,"href":"https:\/\/www.centrocongressosalgarve.com\/de\/wp-json\/wp\/v2\/users\/2"}],"replies":[{"embeddable":true,"href":"https:\/\/www.centrocongressosalgarve.com\/de\/wp-json\/wp\/v2\/comments?post=2087"}],"version-history":[{"count":3,"href":"https:\/\/www.centrocongressosalgarve.com\/de\/wp-json\/wp\/v2\/pages\/2087\/revisions"}],"predecessor-version":[{"id":2489,"href":"https:\/\/www.centrocongressosalgarve.com\/de\/wp-json\/wp\/v2\/pages\/2087\/revisions\/2489"}],"up":[{"embeddable":true,"href":"https:\/\/www.centrocongressosalgarve.com\/de\/wp-json\/wp\/v2\/pages\/2101"}],"wp:featuredmedia":[{"embeddable":true,"href":"https:\/\/www.centrocongressosalgarve.com\/de\/wp-json\/wp\/v2\/media\/1711"}],"wp:attachment":[{"href":"https:\/\/www.centrocongressosalgarve.com\/de\/wp-json\/wp\/v2\/media?parent=2087"}],"curies":[{"name":"wp","href":"https:\/\/api.w.org\/{rel}","templated":true}]}}

<p>Die perfekte Kombination aus Innen- und Außenbereichen und den geräumigen Räumen des Kongresszentrum ermöglicht die Durchführung von Sportveranstaltungen verschiedener Art, insbesondere von Veranstaltungen im Innenbereich. Die in allen Räumen zur Verfügung stehenden technischen Beschallungs-, Licht- und Sicherheitsbedingungen gewährleisten die für erfolgreiche Sportereignisse erforderliche Qualität.</p>



<p>Der Fénix-Raum und die Dachterrasse sind groß genug, um Tennisplätze oder Hallenfußball in den offiziellen Abmessungen und entsprechende Tribünen unterzubringen, während die Pegasus- und Neptun-Räume die Möglichkeit bieten, Veranstaltungen mit gleichzeitig kleineren Räumen unterzubringen. </p>

<p>Die perfekte Kombination aus Innen- und Außenbereichen und den geräumigen Räumen des Kongresszentrum ermöglicht die Durchführung von Sportveranstaltungen verschiedener Art, insbesondere von Veranstaltungen im Innenbereich. Die in allen Räumen zur Verfügung stehenden technischen Beschallungs-, Licht- und Sicherheitsbedingungen gewährleisten die für erfolgreiche Sportereignisse erforderliche Qualität. Der Fénix-Raum und die Dachterrasse sind groß genug, um Tennisplätze oder [&hellip;]</p>
