{"id":2055,"date":"2018-12-10T15:50:29","date_gmt":"2018-12-10T15:50:29","guid":{"rendered":"https:\/\/www.centrocongressosalgarve.com\/salas-de-reuniao\/"},"modified":"2022-05-18T16:52:04","modified_gmt":"2022-05-18T16:52:04","slug":"salas-de-reuniao","status":"publish","type":"page","link":"https:\/\/www.centrocongressosalgarve.com\/es\/o-centro\/salas-de-reuniao\/","title":{"rendered":"Salas de Reuniones"},"content":{"rendered":"\n<p>Para ayudarle a planear su evento, conozca las especificaciones de las salas de reuni\u00f3n F\u00e9nix, P\u00e9gaso y Neptuno en el Centro de Congressos do Algarve.<\/p>\n\n\n\n<div style=\"height:100px\" aria-hidden=\"true\" class=\"wp-block-spacer\"><\/div>\n\n\n\n<div class=\"wp-block-columns is-layout-flex wp-container-core-columns-is-layout-9d6595d7 wp-block-columns-is-layout-flex\">\n<div class=\"wp-block-column is-layout-flow wp-block-column-is-layout-flow\">\n<h2 class=\"wp-block-heading\">SALA DE REUNIONES F\u00c9NIX<\/h2>\n\n\n\n<p>Caracterizada por su arquitectura moderna, la sala F\u00e9nix es la se\u00f1a de identidad del Centro de Congresos del Algarve gracias a su capacidad para 3000 personas.\u00a0<\/p>\n\n\n\n<div class=\"wp-block-buttons is-layout-flex wp-block-buttons-is-layout-flex\">\n<div class=\"wp-block-button\"><a class=\"wp-block-button__link\" href=\"https:\/\/centrocongressosalgarve.com\/es\/o-centro\/salas-de-reuniao\/fenix\/\">M\u00c1S INFORMACI\u00d3N<\/a><\/div>\n<\/div>\n<\/div>\n\n\n\n<div class=\"wp-block-column is-layout-flow wp-block-column-is-layout-flow\">\n<figure class=\"wp-block-image size-full\"><img loading=\"lazy\" decoding=\"async\" width=\"900\" height=\"600\" src=\"https:\/\/centrocongressosalgarve.com\/files\/uploads\/2019\/02\/algarve_centrocongressos_meetingroom_cabaret-2.jpg\" alt=\"\" class=\"wp-image-1905\" srcset=\"https:\/\/www.centrocongressosalgarve.com\/files\/uploads\/2019\/02\/algarve_centrocongressos_meetingroom_cabaret-2.jpg 900w, https:\/\/www.centrocongressosalgarve.com\/files\/uploads\/2019\/02\/algarve_centrocongressos_meetingroom_cabaret-2-300x200.jpg 300w, https:\/\/www.centrocongressosalgarve.com\/files\/uploads\/2019\/02\/algarve_centrocongressos_meetingroom_cabaret-2-768x512.jpg 768w\" sizes=\"auto, (max-width: 900px) 100vw, 900px\" \/><\/figure>\n<\/div>\n<\/div>\n\n\n\n<div style=\"height:100px\" aria-hidden=\"true\" class=\"wp-block-spacer\"><\/div>\n\n\n\n<div class=\"wp-block-columns is-layout-flex wp-container-core-columns-is-layout-9d6595d7 wp-block-columns-is-layout-flex\">\n<div class=\"wp-block-column is-layout-flow wp-block-column-is-layout-flow\">\n<h2 class=\"wp-block-heading\">SALAS DE REUNI\u00d3N P\u00c9GASO Y NEPTUNO<\/h2>\n\n\n\n<p>Se puede subdividir en ocho espacios distintos con capacidad para 430 personas sentadas en teatro o 210 en escuela, con magn\u00edficas vistas.<\/p>\n\n\n\n<div class=\"wp-block-buttons is-layout-flex wp-block-buttons-is-layout-flex\">\n<div class=\"wp-block-button\"><a class=\"wp-block-button__link\" href=\"https:\/\/centrocongressosalgarve.com\/es\/o-centro\/salas-de-reuniao\/pegaso-neptuno\/\">M\u00c1S INFORMACI\u00d3N<\/a><\/div>\n<\/div>\n<\/div>\n\n\n\n<div class=\"wp-block-column is-layout-flow wp-block-column-is-layout-flow\">\n<figure class=\"wp-block-image size-full\"><img loading=\"lazy\" decoding=\"async\" width=\"900\" height=\"600\" src=\"https:\/\/centrocongressosalgarve.com\/files\/uploads\/2019\/02\/algarve_centrocongressos_meetingroom_school_harbourview.jpg\" alt=\"\" class=\"wp-image-1785\" srcset=\"https:\/\/www.centrocongressosalgarve.com\/files\/uploads\/2019\/02\/algarve_centrocongressos_meetingroom_school_harbourview.jpg 900w, https:\/\/www.centrocongressosalgarve.com\/files\/uploads\/2019\/02\/algarve_centrocongressos_meetingroom_school_harbourview-300x200.jpg 300w, https:\/\/www.centrocongressosalgarve.com\/files\/uploads\/2019\/02\/algarve_centrocongressos_meetingroom_school_harbourview-768x512.jpg 768w\" sizes=\"auto, (max-width: 900px) 100vw, 900px\" \/><\/figure>\n<\/div>\n<\/div>\n\n\n\n<div style=\"height:100px\" aria-hidden=\"true\" class=\"wp-block-spacer\"><\/div>\n\n\n\n<h1 class=\"wp-block-heading\">COMPARAR SALAS<\/h1>\n\n\n\n<p>Conozca en detalle la capacidad de cada una de nuestras salas con las diferentes posibles disposiciones.<\/p>\n\n\n\n<p>Compare y elija el espacio m\u00e1s indicado para cada momento de su evento.<\/p>\n\n\n\n<div class=\"wp-block-buttons is-layout-flex wp-block-buttons-is-layout-flex\">\n<div class=\"wp-block-button\"><a class=\"wp-block-button__link\" href=\"https:\/\/centrocongressosalgarve.com\/es\/o-centro\/salas-de-reuniao\/comparar-salas\/\">M\u00c1S INFORMACI\u00d3N<\/a><\/div>\n<\/div>\n","protected":false},"excerpt":{"rendered":"<p>Para ayudarle a planear su evento, conozca las especificaciones de las salas de reuni\u00f3n F\u00e9nix, P\u00e9gaso y Neptuno en el Centro de Congressos do Algarve. SALA DE REUNIONES F\u00c9NIX Caracterizada por su arquitectura moderna, la sala F\u00e9nix es la se\u00f1a de identidad del Centro de Congresos del Algarve gracias a su capacidad para 3000 personas.\u00a0 [&hellip;]<\/p>\n","protected":false},"author":2,"featured_media":0,"parent":2120,"menu_order":1,"comment_status":"closed","ping_status":"closed","template":"","meta":{"_acf_changed":false,"om_disable_all_campaigns":false,"inline_featured_image":false,"footnotes":""},"class_list":["post-2055","page","type-page","status-publish","hentry","page-entry"],"acf":[],"aioseo_notices":[],"_links":{"self":[{"href":"https:\/\/www.centrocongressosalgarve.com\/es\/wp-json\/wp\/v2\/pages\/2055","targetHints":{"allow":["GET"]}}],"collection":[{"href":"https:\/\/www.centrocongressosalgarve.com\/es\/wp-json\/wp\/v2\/pages"}],"about":[{"href":"https:\/\/www.centrocongressosalgarve.com\/es\/wp-json\/wp\/v2\/types\/page"}],"author":[{"embeddable":true,"href":"https:\/\/www.centrocongressosalgarve.com\/es\/wp-json\/wp\/v2\/users\/2"}],"replies":[{"embeddable":true,"href":"https:\/\/www.centrocongressosalgarve.com\/es\/wp-json\/wp\/v2\/comments?post=2055"}],"version-history":[{"count":3,"href":"https:\/\/www.centrocongressosalgarve.com\/es\/wp-json\/wp\/v2\/pages\/2055\/revisions"}],"predecessor-version":[{"id":3183,"href":"https:\/\/www.centrocongressosalgarve.com\/es\/wp-json\/wp\/v2\/pages\/2055\/revisions\/3183"}],"up":[{"embeddable":true,"href":"https:\/\/www.centrocongressosalgarve.com\/es\/wp-json\/wp\/v2\/pages\/2120"}],"wp:attachment":[{"href":"https:\/\/www.centrocongressosalgarve.com\/es\/wp-json\/wp\/v2\/media?parent=2055"}],"curies":[{"name":"wp","href":"https:\/\/api.w.org\/{rel}","templated":true}]}}

<p>Para ayudarle a planear su evento, conozca las especificaciones de las salas de reunión Fénix, Pégaso y Neptuno en el Centro de Congressos do Algarve.</p>



<div style="height:100px" aria-hidden="true" class="wp-block-spacer"></div>



<div class="wp-block-columns is-layout-flex wp-container-core-columns-is-layout-9d6595d7 wp-block-columns-is-layout-flex">
<div class="wp-block-column is-layout-flow wp-block-column-is-layout-flow">
<h2 class="wp-block-heading">SALA DE REUNIONES FÉNIX</h2>



<p>Caracterizada por su arquitectura moderna, la sala Fénix es la seña de identidad del Centro de Congresos del Algarve gracias a su capacidad para 3000 personas. </p>



<div class="wp-block-buttons is-layout-flex wp-block-buttons-is-layout-flex">
<div class="wp-block-button"><a class="wp-block-button__link" href="https://centrocongressosalgarve.com/es/o-centro/salas-de-reuniao/fenix/">MÁS INFORMACIÓN</a></div>
</div>
</div>



<div class="wp-block-column is-layout-flow wp-block-column-is-layout-flow">
<figure class="wp-block-image size-full"><img loading="lazy" decoding="async" width="900" height="600" src="https://centrocongressosalgarve.com/files/uploads/2019/02/algarve_centrocongressos_meetingroom_cabaret-2.jpg" alt="" class="wp-image-1905" srcset="https://www.centrocongressosalgarve.com/files/uploads/2019/02/algarve_centrocongressos_meetingroom_cabaret-2.jpg 900w, https://www.centrocongressosalgarve.com/files/uploads/2019/02/algarve_centrocongressos_meetingroom_cabaret-2-300x200.jpg 300w, https://www.centrocongressosalgarve.com/files/uploads/2019/02/algarve_centrocongressos_meetingroom_cabaret-2-768x512.jpg 768w" sizes="auto, (max-width: 900px) 100vw, 900px" /></figure>
</div>
</div>



<div style="height:100px" aria-hidden="true" class="wp-block-spacer"></div>



<div class="wp-block-columns is-layout-flex wp-container-core-columns-is-layout-9d6595d7 wp-block-columns-is-layout-flex">
<div class="wp-block-column is-layout-flow wp-block-column-is-layout-flow">
<h2 class="wp-block-heading">SALAS DE REUNIÓN PÉGASO Y NEPTUNO</h2>



<p>Se puede subdividir en ocho espacios distintos con capacidad para 430 personas sentadas en teatro o 210 en escuela, con magníficas vistas.</p>



<div class="wp-block-buttons is-layout-flex wp-block-buttons-is-layout-flex">
<div class="wp-block-button"><a class="wp-block-button__link" href="https://centrocongressosalgarve.com/es/o-centro/salas-de-reuniao/pegaso-neptuno/">MÁS INFORMACIÓN</a></div>
</div>
</div>



<div class="wp-block-column is-layout-flow wp-block-column-is-layout-flow">
<figure class="wp-block-image size-full"><img loading="lazy" decoding="async" width="900" height="600" src="https://centrocongressosalgarve.com/files/uploads/2019/02/algarve_centrocongressos_meetingroom_school_harbourview.jpg" alt="" class="wp-image-1785" srcset="https://www.centrocongressosalgarve.com/files/uploads/2019/02/algarve_centrocongressos_meetingroom_school_harbourview.jpg 900w, https://www.centrocongressosalgarve.com/files/uploads/2019/02/algarve_centrocongressos_meetingroom_school_harbourview-300x200.jpg 300w, https://www.centrocongressosalgarve.com/files/uploads/2019/02/algarve_centrocongressos_meetingroom_school_harbourview-768x512.jpg 768w" sizes="auto, (max-width: 900px) 100vw, 900px" /></figure>
</div>
</div>



<div style="height:100px" aria-hidden="true" class="wp-block-spacer"></div>



<h1 class="wp-block-heading">COMPARAR SALAS</h1>



<p>Conozca en detalle la capacidad de cada una de nuestras salas con las diferentes posibles disposiciones.</p>



<p>Compare y elija el espacio más indicado para cada momento de su evento.</p>



<div class="wp-block-buttons is-layout-flex wp-block-buttons-is-layout-flex">
<div class="wp-block-button"><a class="wp-block-button__link" href="https://centrocongressosalgarve.com/es/o-centro/salas-de-reuniao/comparar-salas/">MÁS INFORMACIÓN</a></div>
</div>

<p>Para ayudarle a planear su evento, conozca las especificaciones de las salas de reunión Fénix, Pégaso y Neptuno en el Centro de Congressos do Algarve. SALA DE REUNIONES FÉNIX Caracterizada por su arquitectura moderna, la sala Fénix es la seña de identidad del Centro de Congresos del Algarve gracias a su capacidad para 3000 personas.  [&hellip;]</p>
