{"id":2095,"date":"2018-12-10T15:21:51","date_gmt":"2018-12-10T15:21:51","guid":{"rendered":"https:\/\/www.centrocongressosalgarve.com\/eventos-de-moda\/"},"modified":"2019-03-13T12:47:36","modified_gmt":"2019-03-13T12:47:36","slug":"eventos-de-moda","status":"publish","type":"page","link":"https:\/\/www.centrocongressosalgarve.com\/es\/eventos-sociais\/eventos-de-moda\/","title":{"rendered":"Eventos de Moda"},"content":{"rendered":"\n<p> Con una arquitectura contempor\u00e1nea y zonas interiores y exteriores adaptables a cada tipo de evento, el Centro de Congresos del Algarve es uno de los espacios por excelencia del Algarve para celebrar eventos de moda. Entre las distintas opciones disponibles, destacan la azotea de 2656&nbsp;m<sup>2<\/sup>, las vistas panor\u00e1micas y la Sala F\u00e9nix, con techos de 10&nbsp;m de altura y posibilidad de suspensi\u00f3n de estructuras. <\/p>\n","protected":false},"excerpt":{"rendered":"<p>Con una arquitectura contempor\u00e1nea y zonas interiores y exteriores adaptables a cada tipo de evento, el Centro de Congresos del Algarve es uno de los espacios por excelencia del Algarve para celebrar eventos de moda. Entre las distintas opciones disponibles, destacan la azotea de 2656&nbsp;m2, las vistas panor\u00e1micas y la Sala F\u00e9nix, con techos de [&hellip;]<\/p>\n","protected":false},"author":2,"featured_media":1707,"parent":2102,"menu_order":0,"comment_status":"closed","ping_status":"closed","template":"templates\/social-events-child.php","meta":{"_acf_changed":false,"om_disable_all_campaigns":false,"inline_featured_image":false,"footnotes":""},"class_list":["post-2095","page","type-page","status-publish","has-post-thumbnail","hentry","page-entry"],"acf":[],"aioseo_notices":[],"_links":{"self":[{"href":"https:\/\/www.centrocongressosalgarve.com\/es\/wp-json\/wp\/v2\/pages\/2095","targetHints":{"allow":["GET"]}}],"collection":[{"href":"https:\/\/www.centrocongressosalgarve.com\/es\/wp-json\/wp\/v2\/pages"}],"about":[{"href":"https:\/\/www.centrocongressosalgarve.com\/es\/wp-json\/wp\/v2\/types\/page"}],"author":[{"embeddable":true,"href":"https:\/\/www.centrocongressosalgarve.com\/es\/wp-json\/wp\/v2\/users\/2"}],"replies":[{"embeddable":true,"href":"https:\/\/www.centrocongressosalgarve.com\/es\/wp-json\/wp\/v2\/comments?post=2095"}],"version-history":[{"count":5,"href":"https:\/\/www.centrocongressosalgarve.com\/es\/wp-json\/wp\/v2\/pages\/2095\/revisions"}],"predecessor-version":[{"id":2461,"href":"https:\/\/www.centrocongressosalgarve.com\/es\/wp-json\/wp\/v2\/pages\/2095\/revisions\/2461"}],"up":[{"embeddable":true,"href":"https:\/\/www.centrocongressosalgarve.com\/es\/wp-json\/wp\/v2\/pages\/2102"}],"wp:featuredmedia":[{"embeddable":true,"href":"https:\/\/www.centrocongressosalgarve.com\/es\/wp-json\/wp\/v2\/media\/1707"}],"wp:attachment":[{"href":"https:\/\/www.centrocongressosalgarve.com\/es\/wp-json\/wp\/v2\/media?parent=2095"}],"curies":[{"name":"wp","href":"https:\/\/api.w.org\/{rel}","templated":true}]}}

<p> Con una arquitectura contemporánea y zonas interiores y exteriores adaptables a cada tipo de evento, el Centro de Congresos del Algarve es uno de los espacios por excelencia del Algarve para celebrar eventos de moda. Entre las distintas opciones disponibles, destacan la azotea de 2656&nbsp;m<sup>2</sup>, las vistas panorámicas y la Sala Fénix, con techos de 10&nbsp;m de altura y posibilidad de suspensión de estructuras. </p>

<p>Con una arquitectura contemporánea y zonas interiores y exteriores adaptables a cada tipo de evento, el Centro de Congresos del Algarve es uno de los espacios por excelencia del Algarve para celebrar eventos de moda. Entre las distintas opciones disponibles, destacan la azotea de 2656&nbsp;m2, las vistas panorámicas y la Sala Fénix, con techos de [&hellip;]</p>
