{"id":2106,"date":"2018-12-10T14:45:22","date_gmt":"2018-12-10T14:45:22","guid":{"rendered":"https:\/\/www.centrocongressosalgarve.com\/eventos-sociais\/espetaculos-estreias\/"},"modified":"2019-03-13T12:47:07","modified_gmt":"2019-03-13T12:47:07","slug":"espetaculos-estreias","status":"publish","type":"page","link":"https:\/\/www.centrocongressosalgarve.com\/es\/eventos-sociais\/espetaculos-estreias\/","title":{"rendered":"Espect\u00e1culos y Estrenos"},"content":{"rendered":"\n<p> Con diversos espacios adaptables, con una decoraci\u00f3n neutra y con capacidad para 3000 personas, el Centro de Congresos del Algarve est\u00e1 preparado t\u00e9cnicamente para albergar obras de teatro, eventos musicales y estrenos de cine. <\/p>\n","protected":false},"excerpt":{"rendered":"<p>Con diversos espacios adaptables, con una decoraci\u00f3n neutra y con capacidad para 3000 personas, el Centro de Congresos del Algarve est\u00e1 preparado t\u00e9cnicamente para albergar obras de teatro, eventos musicales y estrenos de cine.<\/p>\n","protected":false},"author":2,"featured_media":1675,"parent":2102,"menu_order":0,"comment_status":"closed","ping_status":"closed","template":"templates\/social-events-child.php","meta":{"_acf_changed":false,"om_disable_all_campaigns":false,"inline_featured_image":false,"footnotes":""},"class_list":["post-2106","page","type-page","status-publish","has-post-thumbnail","hentry","page-entry"],"acf":[],"aioseo_notices":[],"_links":{"self":[{"href":"https:\/\/www.centrocongressosalgarve.com\/es\/wp-json\/wp\/v2\/pages\/2106","targetHints":{"allow":["GET"]}}],"collection":[{"href":"https:\/\/www.centrocongressosalgarve.com\/es\/wp-json\/wp\/v2\/pages"}],"about":[{"href":"https:\/\/www.centrocongressosalgarve.com\/es\/wp-json\/wp\/v2\/types\/page"}],"author":[{"embeddable":true,"href":"https:\/\/www.centrocongressosalgarve.com\/es\/wp-json\/wp\/v2\/users\/2"}],"replies":[{"embeddable":true,"href":"https:\/\/www.centrocongressosalgarve.com\/es\/wp-json\/wp\/v2\/comments?post=2106"}],"version-history":[{"count":5,"href":"https:\/\/www.centrocongressosalgarve.com\/es\/wp-json\/wp\/v2\/pages\/2106\/revisions"}],"predecessor-version":[{"id":2459,"href":"https:\/\/www.centrocongressosalgarve.com\/es\/wp-json\/wp\/v2\/pages\/2106\/revisions\/2459"}],"up":[{"embeddable":true,"href":"https:\/\/www.centrocongressosalgarve.com\/es\/wp-json\/wp\/v2\/pages\/2102"}],"wp:featuredmedia":[{"embeddable":true,"href":"https:\/\/www.centrocongressosalgarve.com\/es\/wp-json\/wp\/v2\/media\/1675"}],"wp:attachment":[{"href":"https:\/\/www.centrocongressosalgarve.com\/es\/wp-json\/wp\/v2\/media?parent=2106"}],"curies":[{"name":"wp","href":"https:\/\/api.w.org\/{rel}","templated":true}]}}

Espectáculos y Estrenos

<p> Con diversos espacios adaptables, con una decoración neutra y con capacidad para 3000 personas, el Centro de Congresos del Algarve está preparado técnicamente para albergar obras de teatro, eventos musicales y estrenos de cine. </p>

<p>Con diversos espacios adaptables, con una decoración neutra y con capacidad para 3000 personas, el Centro de Congresos del Algarve está preparado técnicamente para albergar obras de teatro, eventos musicales y estrenos de cine.</p>
