{"id":2090,"date":"2018-12-10T15:27:35","date_gmt":"2018-12-10T15:27:35","guid":{"rendered":"https:\/\/www.centrocongressosalgarve.com\/eventos-desportivos\/"},"modified":"2019-03-13T12:56:40","modified_gmt":"2019-03-13T12:56:40","slug":"eventos-desportivos","status":"publish","type":"page","link":"https:\/\/www.centrocongressosalgarve.com\/fr\/eventos-sociais\/eventos-desportivos\/","title":{"rendered":"\u00c9v\u00e8nements Sportifs"},"content":{"rendered":"\n<p> La combinaison parfaite d\u2019espaces int\u00e9rieurs et ext\u00e9rieurs avec les vastes salles du Centre de Congr\u00e8s d\u2019Algarve permet la r\u00e9alisation d\u2019\u00e9v\u00e8nements sportifs, englobant diff\u00e9rentes disciplines sportives notamment celles r\u00e9alis\u00e9es en int\u00e9rieur. Les conditions techniques en termes de son, \u00e9clairage et s\u00e9curit\u00e9 disponibles dans tous les espaces assurent la qualit\u00e9 n\u00e9cessaire \u00e0 la r\u00e9ussite de tout \u00e9v\u00e8nement sportif. <\/p>\n\n\n\n<p> La Salle F\u00e9nix et le Toit-Terrasse sont suffisamment larges pour englober des Courts de Tennis ou des Terrains de Futsal, respectant les dimensions officielles et les respectifs gradins, alors que les Salles P\u00e9gaso et Neptuno permettent d\u2019accueillir des \u00e9v\u00e8nements qui ont besoin d\u2019espaces simultan\u00e9s de petite taille. <\/p>\n","protected":false},"excerpt":{"rendered":"<p>La combinaison parfaite d\u2019espaces int\u00e9rieurs et ext\u00e9rieurs avec les vastes salles du Centre de Congr\u00e8s d\u2019Algarve permet la r\u00e9alisation d\u2019\u00e9v\u00e8nements sportifs, englobant diff\u00e9rentes disciplines sportives notamment celles r\u00e9alis\u00e9es en int\u00e9rieur. Les conditions techniques en termes de son, \u00e9clairage et s\u00e9curit\u00e9 disponibles dans tous les espaces assurent la qualit\u00e9 n\u00e9cessaire \u00e0 la r\u00e9ussite de tout \u00e9v\u00e8nement [&hellip;]<\/p>\n","protected":false},"author":2,"featured_media":1710,"parent":2100,"menu_order":0,"comment_status":"closed","ping_status":"closed","template":"templates\/social-events-child.php","meta":{"_acf_changed":false,"om_disable_all_campaigns":false,"inline_featured_image":false,"footnotes":""},"class_list":["post-2090","page","type-page","status-publish","has-post-thumbnail","hentry","page-entry"],"acf":[],"aioseo_notices":[],"_links":{"self":[{"href":"https:\/\/www.centrocongressosalgarve.com\/fr\/wp-json\/wp\/v2\/pages\/2090","targetHints":{"allow":["GET"]}}],"collection":[{"href":"https:\/\/www.centrocongressosalgarve.com\/fr\/wp-json\/wp\/v2\/pages"}],"about":[{"href":"https:\/\/www.centrocongressosalgarve.com\/fr\/wp-json\/wp\/v2\/types\/page"}],"author":[{"embeddable":true,"href":"https:\/\/www.centrocongressosalgarve.com\/fr\/wp-json\/wp\/v2\/users\/2"}],"replies":[{"embeddable":true,"href":"https:\/\/www.centrocongressosalgarve.com\/fr\/wp-json\/wp\/v2\/comments?post=2090"}],"version-history":[{"count":3,"href":"https:\/\/www.centrocongressosalgarve.com\/fr\/wp-json\/wp\/v2\/pages\/2090\/revisions"}],"predecessor-version":[{"id":2550,"href":"https:\/\/www.centrocongressosalgarve.com\/fr\/wp-json\/wp\/v2\/pages\/2090\/revisions\/2550"}],"up":[{"embeddable":true,"href":"https:\/\/www.centrocongressosalgarve.com\/fr\/wp-json\/wp\/v2\/pages\/2100"}],"wp:featuredmedia":[{"embeddable":true,"href":"https:\/\/www.centrocongressosalgarve.com\/fr\/wp-json\/wp\/v2\/media\/1710"}],"wp:attachment":[{"href":"https:\/\/www.centrocongressosalgarve.com\/fr\/wp-json\/wp\/v2\/media?parent=2090"}],"curies":[{"name":"wp","href":"https:\/\/api.w.org\/{rel}","templated":true}]}}

Évènements Sportifs

<p> La combinaison parfaite d’espaces intérieurs et extérieurs avec les vastes salles du Centre de Congrès d’Algarve permet la réalisation d’évènements sportifs, englobant différentes disciplines sportives notamment celles réalisées en intérieur. Les conditions techniques en termes de son, éclairage et sécurité disponibles dans tous les espaces assurent la qualité nécessaire à la réussite de tout évènement sportif. </p>



<p> La Salle Fénix et le Toit-Terrasse sont suffisamment larges pour englober des Courts de Tennis ou des Terrains de Futsal, respectant les dimensions officielles et les respectifs gradins, alors que les Salles Pégaso et Neptuno permettent d’accueillir des évènements qui ont besoin d’espaces simultanés de petite taille. </p>

<p>La combinaison parfaite d’espaces intérieurs et extérieurs avec les vastes salles du Centre de Congrès d’Algarve permet la réalisation d’évènements sportifs, englobant différentes disciplines sportives notamment celles réalisées en intérieur. Les conditions techniques en termes de son, éclairage et sécurité disponibles dans tous les espaces assurent la qualité nécessaire à la réussite de tout évènement [&hellip;]</p>
