{"id":3473,"date":"2022-12-15T14:27:07","date_gmt":"2022-12-15T14:27:07","guid":{"rendered":"https:\/\/www.centrocongressosalgarve.com\/?page_id=3473"},"modified":"2022-12-19T16:35:01","modified_gmt":"2022-12-19T16:35:01","slug":"un-apercu-de-nos-derniers-evenements","status":"publish","type":"page","link":"https:\/\/www.centrocongressosalgarve.com\/fr\/eventos-sociais\/un-apercu-de-nos-derniers-evenements\/","title":{"rendered":"\u00c9v\u00e9nements Pass\u00e9s"},"content":{"rendered":"\n<h2 class=\"wp-block-heading\">Un Aper\u00e7u de nos Derniers \u00c9v\u00e8nements<\/h2>\n\n\n\n<h3 class=\"wp-block-heading\">Le Gala de R\u00e9veillon 2022 Au Centre de Congr\u00e8s D\u2019algarve Du Tivoli Marina Vilamoura<\/h3>\n\n\n\n<p>Les meilleurs moments d&#8217;un Nouvel An inoubliable au bord de mer, c\u00e9l\u00e9br\u00e9s dans la Salle F\u00e9nix, une salle spacieuse et exceptionnelle situ\u00e9e au Centre de Congr\u00e8s d&#8217;Algarve. Une c\u00e9l\u00e9bration sous un format gastronomique, au son d&#8217;un spectacle musical et d&#8217;un spectaculaire feu d&#8217;artifice que vous pourrez admirer d&#8217;une terrasse avec vue sur la mer.<\/p>\n\n\n\n<figure class=\"wp-block-embed is-type-video is-provider-youtube wp-block-embed-youtube wp-embed-aspect-16-9 wp-has-aspect-ratio\"><div class=\"wp-block-embed__wrapper\">\n<div class=\"youtube embed-container not-loaded is-type-video youtube\"><div class=\"video-placeholder\" style=\"background-image: url(https:\/\/img.youtube.com\/vi\/RRMhe6ZzIYg\/maxresdefault.jpg);\"><\/div><div class=\"iframe youtube-video\" title=\"2022 New Year\u2019s Eve at Tivoli Marina Vilamoura | Tivoli Hotels &amp; Resorts\" data-iframe-src=\"RRMhe6ZzIYg\" data-iframe-origin=\"https:\/\/www.centrocongressosalgarve.com\/fr\/\" data-iframe-start=\"0\"><noscript><iframe loading=\"lazy\" class=\"youtube-video\" title=\"Youtube video\" width=\"640\" height=\"360\" src=\"https:\/\/www.youtube.com\/embed\/RRMhe6ZzIYg?modestbranding=1&#038;showinfo=0&#038;rel=0&#038;enablejsapi=1&#038;origin=https:\/\/www.centrocongressosalgarve.com\/fr\/\" webkitallowfullscreen mozallowfullscreen allowfullscreen> <\/iframe><\/noscript><\/div><\/div>\n<\/div><\/figure>\n\n\n\n<div style=\"height:50px\" aria-hidden=\"true\" class=\"wp-block-spacer\"><\/div>\n\n\n\n<h3 class=\"wp-block-heading\">L&#8217;\u00e9dition 2022 de La Conf\u00e9rence \u00ab Resort &amp; Residential Hospitality Forum \u00bb (r&amp;r)<\/h3>\n\n\n\n<p>Tout sur l&#8217;investissement r\u00e9sidentiel, l&#8217;h\u00f4tellerie et les loisirs.<br>Voici un r\u00e9cpitulatif de la conf\u00e9rence \u00ab Resort &amp; Residential Hospitality Forum \u00bb (R&amp;R) qui s&#8217;est d\u00e9roul\u00e9e au Centre de Congr\u00e8s d&#8217;Algarve entre le 17 et le 19 octobre.<\/p>\n\n\n\n<figure class=\"wp-block-embed is-type-video is-provider-youtube wp-block-embed-youtube wp-embed-aspect-16-9 wp-has-aspect-ratio\"><div class=\"wp-block-embed__wrapper\">\n<div class=\"youtube embed-container not-loaded is-type-video youtube\"><div class=\"video-placeholder\" style=\"background-image: url(https:\/\/img.youtube.com\/vi\/5VO_bjrBPx8\/maxresdefault.jpg);\"><\/div><div class=\"iframe youtube-video\" title=\"R&amp;R Event Promo for 2022\" data-iframe-src=\"5VO_bjrBPx8\" data-iframe-origin=\"https:\/\/www.centrocongressosalgarve.com\/fr\/\" data-iframe-start=\"0\"><noscript><iframe loading=\"lazy\" class=\"youtube-video\" title=\"Youtube video\" width=\"640\" height=\"360\" src=\"https:\/\/www.youtube.com\/embed\/5VO_bjrBPx8?modestbranding=1&#038;showinfo=0&#038;rel=0&#038;enablejsapi=1&#038;origin=https:\/\/www.centrocongressosalgarve.com\/fr\/\" webkitallowfullscreen mozallowfullscreen allowfullscreen> <\/iframe><\/noscript><\/div><\/div>\n<\/div><\/figure>\n\n\n\n<div style=\"height:50px\" aria-hidden=\"true\" class=\"wp-block-spacer\"><\/div>\n\n\n\n<h3 class=\"wp-block-heading\">Am\u00e9nagement de La Salle de R\u00e9union F\u00e9nix | Un Aper\u00e7u<\/h3>\n\n\n\n<p>Les pr\u00e9paratifs, \u00e9tape par \u00e9tape, pour un nouvel \u00e9v\u00e8nement m\u00e9morable r\u00e9alis\u00e9 dans notre Salle F\u00e9nix.<\/p>\n\n\n\n<figure class=\"wp-block-embed is-type-video is-provider-youtube wp-block-embed-youtube wp-embed-aspect-16-9 wp-has-aspect-ratio\"><div class=\"wp-block-embed__wrapper\">\n<div class=\"youtube embed-container not-loaded is-type-video youtube\"><div class=\"video-placeholder\" style=\"background-image: url(https:\/\/img.youtube.com\/vi\/egVVoeL4OU0\/maxresdefault.jpg);\"><\/div><div class=\"iframe youtube-video\" title=\"F\u00c9NIX ROOM SET UP | Algarve Congress Centre\" data-iframe-src=\"egVVoeL4OU0\" data-iframe-origin=\"https:\/\/www.centrocongressosalgarve.com\/fr\/\" data-iframe-start=\"0\"><noscript><iframe loading=\"lazy\" class=\"youtube-video\" title=\"Youtube video\" width=\"640\" height=\"360\" src=\"https:\/\/www.youtube.com\/embed\/egVVoeL4OU0?modestbranding=1&#038;showinfo=0&#038;rel=0&#038;enablejsapi=1&#038;origin=https:\/\/www.centrocongressosalgarve.com\/fr\/\" webkitallowfullscreen mozallowfullscreen allowfullscreen> <\/iframe><\/noscript><\/div><\/div>\n<\/div><\/figure>\n\n\n\n<div style=\"height:50px\" aria-hidden=\"true\" class=\"wp-block-spacer\"><\/div>\n\n\n\n<h3 class=\"wp-block-heading\">L&#8217;\u00e9dition 2021 de La Conf\u00e9rence \u00ab Resort &amp; Residential Hospitality Forum \u00bb (r&amp;r)&nbsp;<\/h3>\n\n\n\n<p>En octobre 2021, nous avons accueilli la conf\u00e9rence internationale \u00ab Resort &amp; Residential Hospitality Forum \u00bb (R&amp;R). Cette conf\u00e9rence a r\u00e9uni des investisseurs et des orateurs influents d&#8217;envergure internationale, provenant de tous les secteurs li\u00e9s \u00e0 l&#8217;investissement immobilier, au tourisme et \u00e0 l&#8217;accueil, faisant de cette exp\u00e9rience unique, instructive et novatrice, une exp\u00e9rience \u00e9ducative pour tous les participants. C&#8217;est une merveilleuse fa\u00e7on de se retrouver tous ensemble.<\/p>\n\n\n\n<figure class=\"wp-block-embed is-type-video is-provider-vimeo wp-block-embed-vimeo wp-embed-aspect-16-9 wp-has-aspect-ratio\"><div class=\"wp-block-embed__wrapper\">\n<iframe loading=\"lazy\" title=\"R&amp;R 2021\" src=\"https:\/\/player.vimeo.com\/video\/639482791?h=79b713507e&amp;dnt=1&amp;app_id=122963\" width=\"640\" height=\"360\" frameborder=\"0\" allow=\"autoplay; fullscreen; picture-in-picture; clipboard-write\"><\/iframe>\n<\/div><\/figure>\n\n\n\n<div style=\"height:50px\" aria-hidden=\"true\" class=\"wp-block-spacer\"><\/div>\n\n\n\n<h3 class=\"wp-block-heading\">Le Toit Du Centre de Congr\u00e8s D&#8217;algarve \u2013 \u00ab Live On The Bright Side \u00bb<\/h3>\n\n\n\n<p>Pendant la pand\u00e9mie, les complexes h\u00f4teliers et les h\u00f4tels Tivoli ont cr\u00e9\u00e9 l&#8217;\u00e9v\u00e8nement \u00ab Live On the Bright Side \u00bb, qui consiste en une f\u00eate en ligne au coucher du soleil, o\u00f9 des DJ et un Groupe de Musique r\u00e9pandent de bonnes vibrations estivales directement du toit du Tivoli Carvoeiro et du toit du Centre de Congr\u00e8s d&#8217;Algarve.<\/p>\n\n\n\n<figure class=\"wp-block-embed is-type-video is-provider-youtube wp-block-embed-youtube wp-embed-aspect-16-9 wp-has-aspect-ratio\"><div class=\"wp-block-embed__wrapper\">\n<div class=\"youtube embed-container not-loaded is-type-video youtube\"><div class=\"video-placeholder\" style=\"background-image: url(https:\/\/img.youtube.com\/vi\/NeBx1_dZgGc\/maxresdefault.jpg);\"><\/div><div class=\"iframe youtube-video\" title=\"Live on the Bright Side | Tivoli Carvoeiro and Algarve Congress Centre Rooftops\" data-iframe-src=\"NeBx1_dZgGc\" data-iframe-origin=\"https:\/\/www.centrocongressosalgarve.com\/fr\/\" data-iframe-start=\"19\"><noscript><iframe loading=\"lazy\" class=\"youtube-video\" title=\"Youtube video\" width=\"640\" height=\"360\" src=\"https:\/\/www.youtube.com\/embed\/NeBx1_dZgGc?start=19&#038;modestbranding=1&#038;showinfo=0&#038;rel=0&#038;enablejsapi=1&#038;origin=https:\/\/www.centrocongressosalgarve.com\/fr\/\" webkitallowfullscreen mozallowfullscreen allowfullscreen> <\/iframe><\/noscript><\/div><\/div>\n<\/div><\/figure>\n\n\n\n<div style=\"height:50px\" aria-hidden=\"true\" class=\"wp-block-spacer\"><\/div>\n\n\n\n<h3 class=\"wp-block-heading\">Le Gala de R\u00e9veillon 2019 Au Centre de Congr\u00e8s D\u2019algarve Du Tivoli Marina Vilamoura<\/h3>\n\n\n\n<p>Les lumi\u00e8res \u00e9blouissantes de la Marina et la joie du bord de mer donnent le ton pour une soir\u00e9e m\u00e9morable au Tivoli Marina Vilamoura. Le Gala du Nouvel An 2019 a pr\u00e9sent\u00e9 un \u00e9v\u00e8nement \u00e9poustouflant \u00e0 l&#8217;incroyable Centre de Congr\u00e8s d&#8217;Algarve, avec un concert extraordinaire de Jos\u00e9 Cid, de merveilleuses saveurs et des vues imprenables sur l&#8217;Oc\u00e9an Atlantique et sur l&#8217;embl\u00e9matique Marina de Vilamoura.<\/p>\n\n\n\n<figure class=\"wp-block-embed is-type-video is-provider-youtube wp-block-embed-youtube wp-embed-aspect-16-9 wp-has-aspect-ratio\"><div class=\"wp-block-embed__wrapper\">\n<div class=\"youtube embed-container not-loaded is-type-video youtube\"><div class=\"video-placeholder\" style=\"background-image: url(https:\/\/img.youtube.com\/vi\/RwdxNZhrls4\/maxresdefault.jpg);\"><\/div><div class=\"iframe youtube-video\" title=\"2019 New Year\u2019s Eve Gala at Algarve Congress Centre\" data-iframe-src=\"RwdxNZhrls4\" data-iframe-origin=\"https:\/\/www.centrocongressosalgarve.com\/fr\/\" data-iframe-start=\"0\"><noscript><iframe loading=\"lazy\" class=\"youtube-video\" title=\"Youtube video\" width=\"640\" height=\"360\" src=\"https:\/\/www.youtube.com\/embed\/RwdxNZhrls4?modestbranding=1&#038;showinfo=0&#038;rel=0&#038;enablejsapi=1&#038;origin=https:\/\/www.centrocongressosalgarve.com\/fr\/\" webkitallowfullscreen mozallowfullscreen allowfullscreen> <\/iframe><\/noscript><\/div><\/div>\n<\/div><\/figure>\n\n\n\n<div style=\"height:50px\" aria-hidden=\"true\" class=\"wp-block-spacer\"><\/div>\n\n\n\n<h3 class=\"wp-block-heading\">Le Gala de R\u00e9veillon 2018 Au Centre de Congr\u00e8s D\u2019algarve Du Tivoli Marina Vilamoura<\/h3>\n\n\n\n<p>Le Gala du Nouvel An 2018 du Tivoli Marina Vilamoura s&#8217;est d\u00e9roul\u00e9 dans l&#8217;excellent Centre de Congr\u00e8s d&#8217;Algarve. Un \u00e9v\u00e8nement remarquable, comprenant un d\u00eener exquis, des vues surprenantes sur l&#8217;Oc\u00e9an et sur la Marina de Vilamoura, avec un concert de Rui Veloso, qui a rendu cette soir\u00e9e vraiment sophistiqu\u00e9e et inoubliable.<\/p>\n\n\n\n<figure class=\"wp-block-embed is-type-video is-provider-youtube wp-block-embed-youtube wp-embed-aspect-16-9 wp-has-aspect-ratio\"><div class=\"wp-block-embed__wrapper\">\n<div class=\"youtube embed-container not-loaded is-type-video youtube\"><div class=\"video-placeholder\" style=\"background-image: url(https:\/\/img.youtube.com\/vi\/4GKPy1b0Ctk\/maxresdefault.jpg);\"><\/div><div class=\"iframe youtube-video\" title=\"2018 New Year&#039;s Eve Gala at Algarve Congress Centre\" data-iframe-src=\"4GKPy1b0Ctk\" data-iframe-origin=\"https:\/\/www.centrocongressosalgarve.com\/fr\/\" data-iframe-start=\"0\"><noscript><iframe loading=\"lazy\" class=\"youtube-video\" title=\"Youtube video\" width=\"640\" height=\"360\" src=\"https:\/\/www.youtube.com\/embed\/4GKPy1b0Ctk?modestbranding=1&#038;showinfo=0&#038;rel=0&#038;enablejsapi=1&#038;origin=https:\/\/www.centrocongressosalgarve.com\/fr\/\" webkitallowfullscreen mozallowfullscreen allowfullscreen> <\/iframe><\/noscript><\/div><\/div>\n<\/div><\/figure>\n","protected":false},"excerpt":{"rendered":"<p>Un Aper\u00e7u de nos Derniers \u00c9v\u00e8nements Le Gala de R\u00e9veillon 2022 Au Centre de Congr\u00e8s D\u2019algarve Du Tivoli Marina Vilamoura Les meilleurs moments d&#8217;un Nouvel An inoubliable au bord de mer, c\u00e9l\u00e9br\u00e9s dans la Salle F\u00e9nix, une salle spacieuse et exceptionnelle situ\u00e9e au Centre de Congr\u00e8s d&#8217;Algarve. Une c\u00e9l\u00e9bration sous un format gastronomique, au son [&hellip;]<\/p>\n","protected":false},"author":2,"featured_media":3050,"parent":2100,"menu_order":0,"comment_status":"closed","ping_status":"closed","template":"","meta":{"_acf_changed":false,"om_disable_all_campaigns":false,"inline_featured_image":false,"footnotes":""},"class_list":["post-3473","page","type-page","status-publish","has-post-thumbnail","hentry","page-entry"],"acf":[],"aioseo_notices":[],"_links":{"self":[{"href":"https:\/\/www.centrocongressosalgarve.com\/fr\/wp-json\/wp\/v2\/pages\/3473","targetHints":{"allow":["GET"]}}],"collection":[{"href":"https:\/\/www.centrocongressosalgarve.com\/fr\/wp-json\/wp\/v2\/pages"}],"about":[{"href":"https:\/\/www.centrocongressosalgarve.com\/fr\/wp-json\/wp\/v2\/types\/page"}],"author":[{"embeddable":true,"href":"https:\/\/www.centrocongressosalgarve.com\/fr\/wp-json\/wp\/v2\/users\/2"}],"replies":[{"embeddable":true,"href":"https:\/\/www.centrocongressosalgarve.com\/fr\/wp-json\/wp\/v2\/comments?post=3473"}],"version-history":[{"count":5,"href":"https:\/\/www.centrocongressosalgarve.com\/fr\/wp-json\/wp\/v2\/pages\/3473\/revisions"}],"predecessor-version":[{"id":3484,"href":"https:\/\/www.centrocongressosalgarve.com\/fr\/wp-json\/wp\/v2\/pages\/3473\/revisions\/3484"}],"up":[{"embeddable":true,"href":"https:\/\/www.centrocongressosalgarve.com\/fr\/wp-json\/wp\/v2\/pages\/2100"}],"wp:featuredmedia":[{"embeddable":true,"href":"https:\/\/www.centrocongressosalgarve.com\/fr\/wp-json\/wp\/v2\/media\/3050"}],"wp:attachment":[{"href":"https:\/\/www.centrocongressosalgarve.com\/fr\/wp-json\/wp\/v2\/media?parent=3473"}],"curies":[{"name":"wp","href":"https:\/\/api.w.org\/{rel}","templated":true}]}}

Événements Passés

<h2 class="wp-block-heading">Un Aperçu de nos Derniers Évènements</h2>



<h3 class="wp-block-heading">Le Gala de Réveillon 2022 Au Centre de Congrès D’algarve Du Tivoli Marina Vilamoura</h3>



<p>Les meilleurs moments d&#8217;un Nouvel An inoubliable au bord de mer, célébrés dans la Salle Fénix, une salle spacieuse et exceptionnelle située au Centre de Congrès d&#8217;Algarve. Une célébration sous un format gastronomique, au son d&#8217;un spectacle musical et d&#8217;un spectaculaire feu d&#8217;artifice que vous pourrez admirer d&#8217;une terrasse avec vue sur la mer.</p>



<figure class="wp-block-embed is-type-video is-provider-youtube wp-block-embed-youtube wp-embed-aspect-16-9 wp-has-aspect-ratio"><div class="wp-block-embed__wrapper">
<div class="youtube embed-container not-loaded is-type-video youtube"><div class="video-placeholder" style="background-image: url(https://img.youtube.com/vi/RRMhe6ZzIYg/maxresdefault.jpg);"></div><div class="iframe youtube-video" title="2022 New Year’s Eve at Tivoli Marina Vilamoura | Tivoli Hotels &amp; Resorts" data-iframe-src="RRMhe6ZzIYg" data-iframe-origin="https://www.centrocongressosalgarve.com/fr/" data-iframe-start="0"><noscript><iframe loading="lazy" class="youtube-video" title="Youtube video" width="640" height="360" src="https://www.youtube.com/embed/RRMhe6ZzIYg?modestbranding=1&#038;showinfo=0&#038;rel=0&#038;enablejsapi=1&#038;origin=https://www.centrocongressosalgarve.com/fr/" webkitallowfullscreen mozallowfullscreen allowfullscreen> </iframe></noscript></div></div>
</div></figure>



<div style="height:50px" aria-hidden="true" class="wp-block-spacer"></div>



<h3 class="wp-block-heading">L&#8217;édition 2022 de La Conférence « Resort &amp; Residential Hospitality Forum » (r&amp;r)</h3>



<p>Tout sur l&#8217;investissement résidentiel, l&#8217;hôtellerie et les loisirs.<br>Voici un récpitulatif de la conférence « Resort &amp; Residential Hospitality Forum » (R&amp;R) qui s&#8217;est déroulée au Centre de Congrès d&#8217;Algarve entre le 17 et le 19 octobre.</p>



<figure class="wp-block-embed is-type-video is-provider-youtube wp-block-embed-youtube wp-embed-aspect-16-9 wp-has-aspect-ratio"><div class="wp-block-embed__wrapper">
<div class="youtube embed-container not-loaded is-type-video youtube"><div class="video-placeholder" style="background-image: url(https://img.youtube.com/vi/5VO_bjrBPx8/maxresdefault.jpg);"></div><div class="iframe youtube-video" title="R&amp;R Event Promo for 2022" data-iframe-src="5VO_bjrBPx8" data-iframe-origin="https://www.centrocongressosalgarve.com/fr/" data-iframe-start="0"><noscript><iframe loading="lazy" class="youtube-video" title="Youtube video" width="640" height="360" src="https://www.youtube.com/embed/5VO_bjrBPx8?modestbranding=1&#038;showinfo=0&#038;rel=0&#038;enablejsapi=1&#038;origin=https://www.centrocongressosalgarve.com/fr/" webkitallowfullscreen mozallowfullscreen allowfullscreen> </iframe></noscript></div></div>
</div></figure>



<div style="height:50px" aria-hidden="true" class="wp-block-spacer"></div>



<h3 class="wp-block-heading">Aménagement de La Salle de Réunion Fénix | Un Aperçu</h3>



<p>Les préparatifs, étape par étape, pour un nouvel évènement mémorable réalisé dans notre Salle Fénix.</p>



<figure class="wp-block-embed is-type-video is-provider-youtube wp-block-embed-youtube wp-embed-aspect-16-9 wp-has-aspect-ratio"><div class="wp-block-embed__wrapper">
<div class="youtube embed-container not-loaded is-type-video youtube"><div class="video-placeholder" style="background-image: url(https://img.youtube.com/vi/egVVoeL4OU0/maxresdefault.jpg);"></div><div class="iframe youtube-video" title="FÉNIX ROOM SET UP | Algarve Congress Centre" data-iframe-src="egVVoeL4OU0" data-iframe-origin="https://www.centrocongressosalgarve.com/fr/" data-iframe-start="0"><noscript><iframe loading="lazy" class="youtube-video" title="Youtube video" width="640" height="360" src="https://www.youtube.com/embed/egVVoeL4OU0?modestbranding=1&#038;showinfo=0&#038;rel=0&#038;enablejsapi=1&#038;origin=https://www.centrocongressosalgarve.com/fr/" webkitallowfullscreen mozallowfullscreen allowfullscreen> </iframe></noscript></div></div>
</div></figure>



<div style="height:50px" aria-hidden="true" class="wp-block-spacer"></div>



<h3 class="wp-block-heading">L&#8217;édition 2021 de La Conférence « Resort &amp; Residential Hospitality Forum » (r&amp;r)&nbsp;</h3>



<p>En octobre 2021, nous avons accueilli la conférence internationale « Resort &amp; Residential Hospitality Forum » (R&amp;R). Cette conférence a réuni des investisseurs et des orateurs influents d&#8217;envergure internationale, provenant de tous les secteurs liés à l&#8217;investissement immobilier, au tourisme et à l&#8217;accueil, faisant de cette expérience unique, instructive et novatrice, une expérience éducative pour tous les participants. C&#8217;est une merveilleuse façon de se retrouver tous ensemble.</p>



<figure class="wp-block-embed is-type-video is-provider-vimeo wp-block-embed-vimeo wp-embed-aspect-16-9 wp-has-aspect-ratio"><div class="wp-block-embed__wrapper">
<iframe loading="lazy" title="R&amp;R 2021" src="https://player.vimeo.com/video/639482791?h=79b713507e&amp;dnt=1&amp;app_id=122963" width="640" height="360" frameborder="0" allow="autoplay; fullscreen; picture-in-picture; clipboard-write"></iframe>
</div></figure>



<div style="height:50px" aria-hidden="true" class="wp-block-spacer"></div>



<h3 class="wp-block-heading">Le Toit Du Centre de Congrès D&#8217;algarve – « Live On The Bright Side »</h3>



<p>Pendant la pandémie, les complexes hôteliers et les hôtels Tivoli ont créé l&#8217;évènement « Live On the Bright Side », qui consiste en une fête en ligne au coucher du soleil, où des DJ et un Groupe de Musique répandent de bonnes vibrations estivales directement du toit du Tivoli Carvoeiro et du toit du Centre de Congrès d&#8217;Algarve.</p>



<figure class="wp-block-embed is-type-video is-provider-youtube wp-block-embed-youtube wp-embed-aspect-16-9 wp-has-aspect-ratio"><div class="wp-block-embed__wrapper">
<div class="youtube embed-container not-loaded is-type-video youtube"><div class="video-placeholder" style="background-image: url(https://img.youtube.com/vi/NeBx1_dZgGc/maxresdefault.jpg);"></div><div class="iframe youtube-video" title="Live on the Bright Side | Tivoli Carvoeiro and Algarve Congress Centre Rooftops" data-iframe-src="NeBx1_dZgGc" data-iframe-origin="https://www.centrocongressosalgarve.com/fr/" data-iframe-start="19"><noscript><iframe loading="lazy" class="youtube-video" title="Youtube video" width="640" height="360" src="https://www.youtube.com/embed/NeBx1_dZgGc?start=19&#038;modestbranding=1&#038;showinfo=0&#038;rel=0&#038;enablejsapi=1&#038;origin=https://www.centrocongressosalgarve.com/fr/" webkitallowfullscreen mozallowfullscreen allowfullscreen> </iframe></noscript></div></div>
</div></figure>



<div style="height:50px" aria-hidden="true" class="wp-block-spacer"></div>



<h3 class="wp-block-heading">Le Gala de Réveillon 2019 Au Centre de Congrès D’algarve Du Tivoli Marina Vilamoura</h3>



<p>Les lumières éblouissantes de la Marina et la joie du bord de mer donnent le ton pour une soirée mémorable au Tivoli Marina Vilamoura. Le Gala du Nouvel An 2019 a présenté un évènement époustouflant à l&#8217;incroyable Centre de Congrès d&#8217;Algarve, avec un concert extraordinaire de José Cid, de merveilleuses saveurs et des vues imprenables sur l&#8217;Océan Atlantique et sur l&#8217;emblématique Marina de Vilamoura.</p>



<figure class="wp-block-embed is-type-video is-provider-youtube wp-block-embed-youtube wp-embed-aspect-16-9 wp-has-aspect-ratio"><div class="wp-block-embed__wrapper">
<div class="youtube embed-container not-loaded is-type-video youtube"><div class="video-placeholder" style="background-image: url(https://img.youtube.com/vi/RwdxNZhrls4/maxresdefault.jpg);"></div><div class="iframe youtube-video" title="2019 New Year’s Eve Gala at Algarve Congress Centre" data-iframe-src="RwdxNZhrls4" data-iframe-origin="https://www.centrocongressosalgarve.com/fr/" data-iframe-start="0"><noscript><iframe loading="lazy" class="youtube-video" title="Youtube video" width="640" height="360" src="https://www.youtube.com/embed/RwdxNZhrls4?modestbranding=1&#038;showinfo=0&#038;rel=0&#038;enablejsapi=1&#038;origin=https://www.centrocongressosalgarve.com/fr/" webkitallowfullscreen mozallowfullscreen allowfullscreen> </iframe></noscript></div></div>
</div></figure>



<div style="height:50px" aria-hidden="true" class="wp-block-spacer"></div>



<h3 class="wp-block-heading">Le Gala de Réveillon 2018 Au Centre de Congrès D’algarve Du Tivoli Marina Vilamoura</h3>



<p>Le Gala du Nouvel An 2018 du Tivoli Marina Vilamoura s&#8217;est déroulé dans l&#8217;excellent Centre de Congrès d&#8217;Algarve. Un évènement remarquable, comprenant un dîner exquis, des vues surprenantes sur l&#8217;Océan et sur la Marina de Vilamoura, avec un concert de Rui Veloso, qui a rendu cette soirée vraiment sophistiquée et inoubliable.</p>



<figure class="wp-block-embed is-type-video is-provider-youtube wp-block-embed-youtube wp-embed-aspect-16-9 wp-has-aspect-ratio"><div class="wp-block-embed__wrapper">
<div class="youtube embed-container not-loaded is-type-video youtube"><div class="video-placeholder" style="background-image: url(https://img.youtube.com/vi/4GKPy1b0Ctk/maxresdefault.jpg);"></div><div class="iframe youtube-video" title="2018 New Year&#039;s Eve Gala at Algarve Congress Centre" data-iframe-src="4GKPy1b0Ctk" data-iframe-origin="https://www.centrocongressosalgarve.com/fr/" data-iframe-start="0"><noscript><iframe loading="lazy" class="youtube-video" title="Youtube video" width="640" height="360" src="https://www.youtube.com/embed/4GKPy1b0Ctk?modestbranding=1&#038;showinfo=0&#038;rel=0&#038;enablejsapi=1&#038;origin=https://www.centrocongressosalgarve.com/fr/" webkitallowfullscreen mozallowfullscreen allowfullscreen> </iframe></noscript></div></div>
</div></figure>

<p>Un Aperçu de nos Derniers Évènements Le Gala de Réveillon 2022 Au Centre de Congrès D’algarve Du Tivoli Marina Vilamoura Les meilleurs moments d&#8217;un Nouvel An inoubliable au bord de mer, célébrés dans la Salle Fénix, une salle spacieuse et exceptionnelle située au Centre de Congrès d&#8217;Algarve. Une célébration sous un format gastronomique, au son [&hellip;]</p>
