{"id":1054,"date":"2018-12-10T15:27:35","date_gmt":"2018-12-10T15:27:35","guid":{"rendered":"https:\/\/www.centrocongressosalgarve.com\/?page_id=1054"},"modified":"2022-05-20T10:58:03","modified_gmt":"2022-05-20T10:58:03","slug":"eventos-desportivos","status":"publish","type":"page","link":"https:\/\/www.centrocongressosalgarve.com\/pt-pt\/eventos-sociais\/eventos-desportivos\/","title":{"rendered":"Eventos Desportivos"},"content":{"rendered":"\n<h2 class=\"wp-block-heading\">Um espa\u00e7o ideal para organiza\u00e7\u00e3o de Eventos Desportivos<\/h2>\n\n\n\n<p>A combina\u00e7\u00e3o perfeita de espa\u00e7os interiores e exteriores e as amplas salas do Centro de Congressos do Algarve permitem a realiza\u00e7\u00e3o de eventos desportivos de diversas modalidades, com destaque para as realizadas em recintos interiores.&nbsp; As condi\u00e7\u00f5es t\u00e9cnicas de som, ilumina\u00e7\u00e3o e seguran\u00e7a dispon\u00edveis em todos os espa\u00e7os asseguram a qualidade necess\u00e1ria a eventos desportivos de sucesso.<\/p>\n\n\n\n<p>A Sala F\u00e9nix e o Rooftop s\u00e3o suficientemente abrangentes para comportar Courts de T\u00e9nis ou Futsal de dimens\u00f5es oficiais e respetivas bancadas, ao passo que as Salas P\u00e9gaso e Neptuno permitem acomodar eventos com necessidades de espa\u00e7os simult\u00e2neos de menor dimens\u00e3o.<\/p>\n","protected":false},"excerpt":{"rendered":"<p>Um espa\u00e7o ideal para organiza\u00e7\u00e3o de Eventos Desportivos A combina\u00e7\u00e3o perfeita de espa\u00e7os interiores e exteriores e as amplas salas do Centro de Congressos do Algarve permitem a realiza\u00e7\u00e3o de eventos desportivos de diversas modalidades, com destaque para as realizadas em recintos interiores.&nbsp; As condi\u00e7\u00f5es t\u00e9cnicas de som, ilumina\u00e7\u00e3o e seguran\u00e7a dispon\u00edveis em todos os [&hellip;]<\/p>\n","protected":false},"author":2,"featured_media":1708,"parent":1025,"menu_order":0,"comment_status":"closed","ping_status":"closed","template":"templates\/social-events-child.php","meta":{"_acf_changed":false,"om_disable_all_campaigns":false,"inline_featured_image":false,"footnotes":""},"class_list":["post-1054","page","type-page","status-publish","has-post-thumbnail","hentry","page-entry"],"acf":[],"aioseo_notices":[],"_links":{"self":[{"href":"https:\/\/www.centrocongressosalgarve.com\/pt-pt\/wp-json\/wp\/v2\/pages\/1054","targetHints":{"allow":["GET"]}}],"collection":[{"href":"https:\/\/www.centrocongressosalgarve.com\/pt-pt\/wp-json\/wp\/v2\/pages"}],"about":[{"href":"https:\/\/www.centrocongressosalgarve.com\/pt-pt\/wp-json\/wp\/v2\/types\/page"}],"author":[{"embeddable":true,"href":"https:\/\/www.centrocongressosalgarve.com\/pt-pt\/wp-json\/wp\/v2\/users\/2"}],"replies":[{"embeddable":true,"href":"https:\/\/www.centrocongressosalgarve.com\/pt-pt\/wp-json\/wp\/v2\/comments?post=1054"}],"version-history":[{"count":5,"href":"https:\/\/www.centrocongressosalgarve.com\/pt-pt\/wp-json\/wp\/v2\/pages\/1054\/revisions"}],"predecessor-version":[{"id":3213,"href":"https:\/\/www.centrocongressosalgarve.com\/pt-pt\/wp-json\/wp\/v2\/pages\/1054\/revisions\/3213"}],"up":[{"embeddable":true,"href":"https:\/\/www.centrocongressosalgarve.com\/pt-pt\/wp-json\/wp\/v2\/pages\/1025"}],"wp:featuredmedia":[{"embeddable":true,"href":"https:\/\/www.centrocongressosalgarve.com\/pt-pt\/wp-json\/wp\/v2\/media\/1708"}],"wp:attachment":[{"href":"https:\/\/www.centrocongressosalgarve.com\/pt-pt\/wp-json\/wp\/v2\/media?parent=1054"}],"curies":[{"name":"wp","href":"https:\/\/api.w.org\/{rel}","templated":true}]}}

<h2 class="wp-block-heading">Um espaço ideal para organização de Eventos Desportivos</h2>



<p>A combinação perfeita de espaços interiores e exteriores e as amplas salas do Centro de Congressos do Algarve permitem a realização de eventos desportivos de diversas modalidades, com destaque para as realizadas em recintos interiores.&nbsp; As condições técnicas de som, iluminação e segurança disponíveis em todos os espaços asseguram a qualidade necessária a eventos desportivos de sucesso.</p>



<p>A Sala Fénix e o Rooftop são suficientemente abrangentes para comportar Courts de Ténis ou Futsal de dimensões oficiais e respetivas bancadas, ao passo que as Salas Pégaso e Neptuno permitem acomodar eventos com necessidades de espaços simultâneos de menor dimensão.</p>

<p>Um espaço ideal para organização de Eventos Desportivos A combinação perfeita de espaços interiores e exteriores e as amplas salas do Centro de Congressos do Algarve permitem a realização de eventos desportivos de diversas modalidades, com destaque para as realizadas em recintos interiores.&nbsp; As condições técnicas de som, iluminação e segurança disponíveis em todos os [&hellip;]</p>
