{"id":1060,"date":"2018-12-10T15:29:03","date_gmt":"2018-12-10T15:29:03","guid":{"rendered":"https:\/\/www.centrocongressosalgarve.com\/?page_id=1060"},"modified":"2022-05-20T11:01:00","modified_gmt":"2022-05-20T11:01:00","slug":"exposicoes","status":"publish","type":"page","link":"https:\/\/www.centrocongressosalgarve.com\/pt-pt\/eventos-sociais\/exposicoes\/","title":{"rendered":"Eventos Sociais &#8211; Exposi\u00e7\u00f5es"},"content":{"rendered":"\n<h2 class=\"wp-block-heading\">Um espa\u00e7o perfeito para organiza\u00e7\u00e3o de Exposi\u00e7\u00f5es<\/h2>\n\n\n\n<p>A arquitetura e cores neutras do Centro Congressos Algarve, complementadas pela&nbsp;luz natural, p\u00e9 direito e amplas \u00e1reas, s\u00e3o a tela perfeita para a realiza\u00e7\u00e3o das mais variadas exposi\u00e7\u00f5es ou instala\u00e7\u00f5es art\u00edsticas. Um dos espa\u00e7os por excel\u00eancia para a realiza\u00e7\u00e3o de exposi\u00e7\u00f5es s\u00e3o os foyers dos pisos 0 e 1, onde \u00e9 possivel recriar ambientes distintos de forma simples, possiveis de diferenciar por zonas ou pisos.<\/p>\n","protected":false},"excerpt":{"rendered":"<p>Um espa\u00e7o perfeito para organiza\u00e7\u00e3o de Exposi\u00e7\u00f5es A arquitetura e cores neutras do Centro Congressos Algarve, complementadas pela&nbsp;luz natural, p\u00e9 direito e amplas \u00e1reas, s\u00e3o a tela perfeita para a realiza\u00e7\u00e3o das mais variadas exposi\u00e7\u00f5es ou instala\u00e7\u00f5es art\u00edsticas. Um dos espa\u00e7os por excel\u00eancia para a realiza\u00e7\u00e3o de exposi\u00e7\u00f5es s\u00e3o os foyers dos pisos 0 e [&hellip;]<\/p>\n","protected":false},"author":2,"featured_media":1727,"parent":1025,"menu_order":0,"comment_status":"closed","ping_status":"closed","template":"templates\/social-events-child.php","meta":{"_acf_changed":false,"om_disable_all_campaigns":false,"inline_featured_image":false,"footnotes":""},"class_list":["post-1060","page","type-page","status-publish","has-post-thumbnail","hentry","page-entry"],"acf":[],"aioseo_notices":[],"_links":{"self":[{"href":"https:\/\/www.centrocongressosalgarve.com\/pt-pt\/wp-json\/wp\/v2\/pages\/1060","targetHints":{"allow":["GET"]}}],"collection":[{"href":"https:\/\/www.centrocongressosalgarve.com\/pt-pt\/wp-json\/wp\/v2\/pages"}],"about":[{"href":"https:\/\/www.centrocongressosalgarve.com\/pt-pt\/wp-json\/wp\/v2\/types\/page"}],"author":[{"embeddable":true,"href":"https:\/\/www.centrocongressosalgarve.com\/pt-pt\/wp-json\/wp\/v2\/users\/2"}],"replies":[{"embeddable":true,"href":"https:\/\/www.centrocongressosalgarve.com\/pt-pt\/wp-json\/wp\/v2\/comments?post=1060"}],"version-history":[{"count":5,"href":"https:\/\/www.centrocongressosalgarve.com\/pt-pt\/wp-json\/wp\/v2\/pages\/1060\/revisions"}],"predecessor-version":[{"id":3216,"href":"https:\/\/www.centrocongressosalgarve.com\/pt-pt\/wp-json\/wp\/v2\/pages\/1060\/revisions\/3216"}],"up":[{"embeddable":true,"href":"https:\/\/www.centrocongressosalgarve.com\/pt-pt\/wp-json\/wp\/v2\/pages\/1025"}],"wp:featuredmedia":[{"embeddable":true,"href":"https:\/\/www.centrocongressosalgarve.com\/pt-pt\/wp-json\/wp\/v2\/media\/1727"}],"wp:attachment":[{"href":"https:\/\/www.centrocongressosalgarve.com\/pt-pt\/wp-json\/wp\/v2\/media?parent=1060"}],"curies":[{"name":"wp","href":"https:\/\/api.w.org\/{rel}","templated":true}]}}

Eventos Sociais &#8211; Exposições

<h2 class="wp-block-heading">Um espaço perfeito para organização de Exposições</h2>



<p>A arquitetura e cores neutras do Centro Congressos Algarve, complementadas pela&nbsp;luz natural, pé direito e amplas áreas, são a tela perfeita para a realização das mais variadas exposições ou instalações artísticas. Um dos espaços por excelência para a realização de exposições são os foyers dos pisos 0 e 1, onde é possivel recriar ambientes distintos de forma simples, possiveis de diferenciar por zonas ou pisos.</p>

<p>Um espaço perfeito para organização de Exposições A arquitetura e cores neutras do Centro Congressos Algarve, complementadas pela&nbsp;luz natural, pé direito e amplas áreas, são a tela perfeita para a realização das mais variadas exposições ou instalações artísticas. Um dos espaços por excelência para a realização de exposições são os foyers dos pisos 0 e [&hellip;]</p>
