{"id":1069,"date":"2018-12-10T15:37:35","date_gmt":"2018-12-10T15:37:35","guid":{"rendered":"https:\/\/www.centrocongressosalgarve.com\/?page_id=1069"},"modified":"2022-05-20T10:39:03","modified_gmt":"2022-05-20T10:39:03","slug":"contacte-nos","status":"publish","type":"page","link":"https:\/\/www.centrocongressosalgarve.com\/pt-pt\/contacte-nos\/","title":{"rendered":"Contactos &#038; Localiza\u00e7\u00e3o"},"content":{"rendered":"\n<p>Estamos inteiramente dispon\u00edveis para esclarecer as suas d\u00favidas ou prestar esclarecimentos adicionais.<\/p>\n\n\n\n<p>Para uma melhor orienta\u00e7\u00e3o do seu pedido de informa\u00e7\u00f5es por favor preencha e submeta o formul\u00e1rio abaixo com todos os detalhes que considere importantes ou entre em contacto direto com a nossa equipa.<\/p>\n","protected":false},"excerpt":{"rendered":"<p>Estamos inteiramente dispon\u00edveis para esclarecer as suas d\u00favidas ou prestar esclarecimentos adicionais. Para uma melhor orienta\u00e7\u00e3o do seu pedido de informa\u00e7\u00f5es por favor preencha e submeta o formul\u00e1rio abaixo com todos os detalhes que considere importantes ou entre em contacto direto com a nossa equipa.<\/p>\n","protected":false},"author":2,"featured_media":70,"parent":0,"menu_order":0,"comment_status":"closed","ping_status":"closed","template":"templates\/contacts.php","meta":{"_acf_changed":false,"om_disable_all_campaigns":false,"inline_featured_image":false,"footnotes":""},"class_list":["post-1069","page","type-page","status-publish","has-post-thumbnail","hentry","page-entry"],"acf":[],"aioseo_notices":[],"_links":{"self":[{"href":"https:\/\/www.centrocongressosalgarve.com\/pt-pt\/wp-json\/wp\/v2\/pages\/1069","targetHints":{"allow":["GET"]}}],"collection":[{"href":"https:\/\/www.centrocongressosalgarve.com\/pt-pt\/wp-json\/wp\/v2\/pages"}],"about":[{"href":"https:\/\/www.centrocongressosalgarve.com\/pt-pt\/wp-json\/wp\/v2\/types\/page"}],"author":[{"embeddable":true,"href":"https:\/\/www.centrocongressosalgarve.com\/pt-pt\/wp-json\/wp\/v2\/users\/2"}],"replies":[{"embeddable":true,"href":"https:\/\/www.centrocongressosalgarve.com\/pt-pt\/wp-json\/wp\/v2\/comments?post=1069"}],"version-history":[{"count":5,"href":"https:\/\/www.centrocongressosalgarve.com\/pt-pt\/wp-json\/wp\/v2\/pages\/1069\/revisions"}],"predecessor-version":[{"id":3201,"href":"https:\/\/www.centrocongressosalgarve.com\/pt-pt\/wp-json\/wp\/v2\/pages\/1069\/revisions\/3201"}],"wp:featuredmedia":[{"embeddable":true,"href":"https:\/\/www.centrocongressosalgarve.com\/pt-pt\/wp-json\/wp\/v2\/media\/70"}],"wp:attachment":[{"href":"https:\/\/www.centrocongressosalgarve.com\/pt-pt\/wp-json\/wp\/v2\/media?parent=1069"}],"curies":[{"name":"wp","href":"https:\/\/api.w.org\/{rel}","templated":true}]}}

Contactos &#038; Localização

<p>Estamos inteiramente disponíveis para esclarecer as suas dúvidas ou prestar esclarecimentos adicionais.</p>



<p>Para uma melhor orientação do seu pedido de informações por favor preencha e submeta o formulário abaixo com todos os detalhes que considere importantes ou entre em contacto direto com a nossa equipa.</p>

<p>Estamos inteiramente disponíveis para esclarecer as suas dúvidas ou prestar esclarecimentos adicionais. Para uma melhor orientação do seu pedido de informações por favor preencha e submeta o formulário abaixo com todos os detalhes que considere importantes ou entre em contacto direto com a nossa equipa.</p>
